{"id":1175,"date":"2021-05-30T14:08:16","date_gmt":"2021-05-30T13:08:16","guid":{"rendered":"https:\/\/treesurgeon.wordifysites.com\/?page_id=2"},"modified":"2024-12-28T18:54:01","modified_gmt":"2024-12-28T18:54:01","slug":"home","status":"publish","type":"page","link":"http:\/\/www.ptfos.unios.hr\/ONICS\/","title":{"rendered":"ONICS"},"content":{"rendered":"<section class=\"gb-container gb-container-fc3a6f7c\" style=\"background-image: url(http:\/\/www.ptfos.unios.hr\/ONICS\/wp-content\/uploads\/2024\/01\/IMG_2974.jpg);\">\n<div class=\"gb-container gb-container-a27f440a\">\n<div class=\"gb-container gb-container-b096a21c\">\n\n<h3 class=\"gb-headline gb-headline-6582cefe gb-headline-text\"><strong>Oleogelovi kao nutritivno pobolj\u0161anje \u010dokolade i krem-proizvoda <\/strong><\/h3>\n\n\n<div class=\"gb-container gb-container-4da5983c\">\n\n<h4 class=\"gb-headline gb-headline-0e4ca9d9 gb-headline-text\"><mark style=\"background-color:rgba(0, 0, 0, 0)\" class=\"has-inline-color has-accent-color\"><strong>O<\/strong>leogels as <strong>N<\/strong>utritive <strong>I<\/strong>mprovers of Chocolate and Sweet <strong>S<\/strong>preads<\/mark><\/h4>\n\n<\/div>\n\n\n<p class=\"has-base-color has-text-color has-link-color has-medium-font-size wp-elements-ba921a54cc599e4f5a4e1b59a33aca78\">Akronim: ONICS<\/p>\n\n\n\n<p class=\"has-base-color has-text-color has-link-color has-medium-font-size wp-elements-4b87e1c5e69654cd46a77bc2525087dc\">Trajanje \/ Duration: 29. 12. 2023. &#8211; 28. 12. 2027.<\/p>\n\n\n\n<p class=\"has-base-color has-text-color has-link-color has-medium-font-size wp-elements-0b5c34d59bf58e1009029238276b4d28\">Izvor financiranja \/ Funding source: HRZZ<\/p>\n\n\n\n<p class=\"has-base-color has-text-color has-link-color has-medium-font-size wp-elements-4a233a45aea4a4e316198aef66654366\">Iznos financiranja \/ Funding: 194.809,12 \u20ac<\/p>\n\n\n\n<p class=\"has-base-color has-text-color has-link-color has-medium-font-size wp-elements-23e05528dc00637506c0ae3a731f1f1a\">Voditelj \/ Project leader: prof. dr. sc. <a href=\"http:\/\/www.ptfos.unios.hr\/index.php\/nastavno-osoblje\/izv-prof-dr-sc-durdica-ackar\">\u0110ur\u0111ica A\u010dkar<\/a><\/p>\n\n<div class=\"gb-shapes\"><div class=\"gb-shape gb-shape-1\"><svg xmlns=\"http:\/\/www.w3.org\/2000\/svg\" viewBox=\"0 0 1200 350\" preserveAspectRatio=\"none\"><path d=\"M1200 336.7V350H0V0s22.4 276.4 1200 336.7z\"\/><\/svg><\/div><\/div><\/div>\n<\/div>\n<\/section>\n\n<section class=\"gb-container gb-container-94c6ef1a\">\n<div class=\"gb-container gb-container-eafa3e9e\">\n<div class=\"gb-container gb-container-4b5fac27\">\n\n<p class=\"gb-headline gb-headline-6b1cfa00 gb-headline-text\">Sa\u017eetak \/ Summary<\/p>\n\n\n\n<p class=\"has-contrast-2-color has-text-color has-link-color wp-elements-5d729671b34fb813eff06bd4dc38d6f6\"><\/p>\n\n\n\n<p class=\"has-contrast-2-color has-text-color has-link-color has-medium-font-size wp-elements-8d5ee78430f0e5b909c544b87d8574d3\">Projekt je nastavak istra\u017eivanja provedenog na UIP-2017-05-8709 Primjena kakaove ljuske u proizvodnji \u010dokolade i srodnih proizvoda, u kojem je kakaova ljuska primijenjena kao zamjena za \u0161e\u0107er i\/ili kakao u \u010dokoladi i srodnim proizvodima. Cilj ovog projekta je istra\u017eiti mogu\u0107nost zamjene masti u \u010dokoladi i krem-proizvodima primjenom oleogelova na bazi nusproizvoda prehrambene industrije (kakaova ljuska i pljevica pira, sirutka) i proteina boba te lje\u0161njakovog, suncokretovog ulja i kokosove masti. Tako\u0111er, ispitat \u0107e se mogu\u0107nost izolacije vlakana iz biljnih nusproizvoda i njihova primjena u oleogelovima za proizvodnju \u010dokolade i krem-proizvoda.<br>Kakaova ljuska, pljevica pira, sirutka i proteini boba, kao i izolirana vlakna, modificirat \u0107e se primjenom visokonaponskog elektri\u010dnog pra\u017enjenja kako bi im se pobolj\u0161ala svojstva vezanja ulja. Provest \u0107e se detaljna karakterizacija modificiranih sirovina, oleogelova, \u010dokolade i krem-proizvoda te \u0107e se procijeniti nutritivno pobolj\u0161anje krajnjih proizvoda.<\/p>\n\n\n\n<p>The project is the extension of the research conducted within UIP-2017-05-8709 Application of cocoa husk in the production of chocolate and chocolate-like products, in which cocoa shell was used as a substitute for sugar and\/or cocoa in chocolate and chocolate-like products. The aim of this research is to examine the potential of fat substitution in chocolate and sweet spreads through application of oleogels based on food industry by-products (cocoa shell, spelt chaff, whey) and broad bean proteins, with hazelnut, sunflower and coconut oil. Isolation of fiber from cocoa shell and spelt chaff, and their application in oleogels for chocolate and sweet spreads will be explored as well.<br>Cocoa shell, spelt chaff, whey and broad bean proteins, and fiber will be modified by high-voltage electrical treatment in order to enhance their oil binding capacity. Modified raw material, oleogels, chocolates and sweet spreads will be characterized in detail, and nutritional improvement of the final products will be assessed. A PhD thesis, a larger number of graduate theses, minimum of 3 scientific articles in scientific journals (Q1 and Q2), a larger number of presentations at scientific congresses will disseminate results, aid in more extensive use of food industry byproducts, use of fiber- and protein-based oleogels, and in nutritional improvement of confectionery products. At the end of the project, brochure with the results will be published and presented at the final conference.<\/p>\n\n<\/div>\n<\/div>\n<\/section>\n\n<section class=\"gb-container gb-container-f914b566\">\n<div class=\"gb-container gb-container-d07e4266\">\n\n<figure class=\"gb-block-image gb-block-image-b3389bf5\"><img loading=\"lazy\" decoding=\"async\" width=\"640\" height=\"583\" class=\"gb-image gb-image-b3389bf5\" src=\"http:\/\/www.ptfos.unios.hr\/ONICS\/wp-content\/uploads\/2024\/01\/IMG_4072.jpg\" alt=\"\" title=\"IMG_4072\" srcset=\"http:\/\/www.ptfos.unios.hr\/ONICS\/wp-content\/uploads\/2024\/01\/IMG_4072.jpg 640w, http:\/\/www.ptfos.unios.hr\/ONICS\/wp-content\/uploads\/2024\/01\/IMG_4072-300x273.jpg 300w\" sizes=\"auto, (max-width: 640px) 100vw, 640px\" \/><\/figure>\n\n<\/div>\n\n<div class=\"gb-container gb-container-1102ab7a\">\n\n<h3 class=\"gb-headline gb-headline-8a916cc0 gb-headline-text\">Istra\u017eiva\u010di \/ Project Team<\/h3>\n\n\n\n<p class=\"has-contrast-2-color has-text-color has-link-color has-medium-font-size wp-elements-5b19ae614603e01a67329be7031a449e\">prof. dr. sc. <a href=\"http:\/\/www.ptfos.unios.hr\/index.php\/nastavno-osoblje\/izv-prof-dr-sc-ivana-flanjak\">Ivana Flanjak<\/a>, Prehrambeno-tehnolo\u0161ki fakultet Osijek<\/p>\n\n\n\n<p class=\"has-contrast-2-color has-text-color has-link-color has-medium-font-size wp-elements-99f8c18b7356437eaa2095eb8457cc39\">prof. dr. sc. <a href=\"http:\/\/www.ptfos.unios.hr\/index.php\/nastavno-osoblje\/prof-dr-sc-jurislav-babic\">Jurislav Babi\u0107<\/a>, Prehrambeno-tehnolo\u0161ki fakultet Osijek<\/p>\n\n\n\n<p class=\"has-contrast-2-color has-text-color has-link-color has-medium-font-size wp-elements-8cdc4338a64bc96b0604dc0406c58143\">prof. dr. sc. <a href=\"https:\/\/www.mathos.unios.hr\/moj_profil\/mirta-bensic\/\">Mirta Ben\u0161i\u0107<\/a>, Fakultet primijenjene matematike i informatike Osijek<\/p>\n\n\n\n<p class=\"has-contrast-2-color has-text-color has-link-color has-medium-font-size wp-elements-d66f4219e6c6b53f981f4f7d9f95b441\">doc. dr. sc. Svjetlana \u0160krabal, Fakultet za turizam i ruralni razvoj Po\u017eega<\/p>\n\n\n\n<p class=\"has-contrast-2-color has-text-color has-link-color has-medium-font-size wp-elements-80f1ae8c0c9b0d0a59ba50fe2477cdf8\">doc. dr. sc. <a href=\"https:\/\/www.tf.uns.ac.rs\/katedra-04\/252-dr-ivana-loncarevic.html\">Ivana Lon\u010darevi\u0107<\/a>, Tehnolo\u0161ki fakultet Novi Sad, Srbija<\/p>\n\n\n\n<p class=\"has-contrast-2-color has-text-color has-link-color has-medium-font-size wp-elements-3f75042e2ef0ca3071d1c99994c0b0a9\">dr. sc. <a href=\"https:\/\/orcid.org\/0000-0001-6053-2250\">Malgorzata Starowicz<\/a>, Institute of Animal Reproduction and Food Research, Polish Academy of Science sin Olszyn, Poljska<\/p>\n\n\n\n<p class=\"has-contrast-2-color has-text-color has-link-color has-medium-font-size wp-elements-88d1747757e79530ca2e171ff7a0c76a\">dr. sc. <a href=\"https:\/\/orcid.org\/0000-0001-7418-738X\">Malgorzata Wronkowska<\/a>, Institute of Animal Reproduction and Food Research, Polish Academy of Science sin Olszyn, Poljska<\/p>\n\n\n\n<p class=\"has-contrast-2-color has-text-color has-link-color has-medium-font-size wp-elements-9ff6203594d698e49f6c00fd855135d9\"><a href=\"http:\/\/www.ptfos.unios.hr\/index.php\/nastavno-osoblje\/daniela-paulik\">Daniela Paulik<\/a>, Prehrambeno-tehnolo\u0161ki fakultet Osijek<\/p>\n\n\n\n<p class=\"has-contrast-2-color has-text-color has-link-color has-medium-font-size wp-elements-3359a1df80fcfe547298b56f99e545fd\">dr. sc. Veronika Bari\u0161i\u0107, Prehrambeno-tehnolo\u0161ki fakultet Osijek<\/p>\n\n\n\n<p class=\"has-contrast-2-color has-text-color has-link-color has-medium-font-size wp-elements-16084e10d36b0816bd3f25341caca416\">Dario \u0160ari\u0107, univ. mag. ing. techn. aliment., Prehrambeno-tehnolo\u0161ki fakultet Osijek <\/p>\n\n\n\n<p class=\"has-contrast-2-color has-text-color has-link-color has-medium-font-size wp-elements-0ff8da628298ad89d11402f3b7d2531c\">doc. dr. sc. Marija Bano\u017ei\u0107, Agronomski i prehrambeno-tehnolo\u0161ki fakultet Sveu\u010dili\u0161ta u Mostaru, BiH <\/p>\n\n\n\n<p class=\"has-contrast-2-color has-text-color has-link-color has-medium-font-size wp-elements-58f1d118f0669ed77ddb0fae12210dae\">Andrea Karlovi\u0107, Agronomski i prehrambeno-tehnolo\u0161ki fakultet Sveu\u010dili\u0161ta u Mostaru, BiH<\/p>\n\n\n\n<p><\/p>\n\n\n\n<p><\/p>\n\n\n<div class=\"gb-container gb-container-1935a7ba\"><\/div>\n<\/div>\n<div class=\"gb-shapes\"><div class=\"gb-shape gb-shape-1\"><svg xmlns=\"http:\/\/www.w3.org\/2000\/svg\" viewBox=\"0 0 1200 350\" preserveAspectRatio=\"none\"><path d=\"M1200 336.7V350H0V0s22.4 276.4 1200 336.7z\"\/><\/svg><\/div><\/div><\/section>\n\n<section class=\"gb-container gb-container-49b9586e\"><\/section>","protected":false},"excerpt":{"rendered":"<p>Oleogelovi kao nutritivno pobolj\u0161anje \u010dokolade i krem-proizvoda Oleogels as Nutritive Improvers of Chocolate and Sweet Spreads Akronim: ONICS Trajanje \/ Duration: 29. 12. 2023. &#8211; 28. 12. 2027. Izvor financiranja \/ Funding source: HRZZ Iznos financiranja \/ Funding: 194.809,12 \u20ac Voditelj \/ Project leader: prof. dr. sc. \u0110ur\u0111ica A\u010dkar Sa\u017eetak \/ Summary Projekt je nastavak &#8230; <a title=\"ONICS\" class=\"read-more\" href=\"http:\/\/www.ptfos.unios.hr\/ONICS\/\" aria-label=\"Read more about ONICS\">Read more<\/a><\/p>\n","protected":false},"author":1,"featured_media":0,"parent":0,"menu_order":0,"comment_status":"closed","ping_status":"open","template":"","meta":{"footnotes":""},"class_list":["post-1175","page","type-page","status-publish"],"_links":{"self":[{"href":"http:\/\/www.ptfos.unios.hr\/ONICS\/index.php\/wp-json\/wp\/v2\/pages\/1175","targetHints":{"allow":["GET"]}}],"collection":[{"href":"http:\/\/www.ptfos.unios.hr\/ONICS\/index.php\/wp-json\/wp\/v2\/pages"}],"about":[{"href":"http:\/\/www.ptfos.unios.hr\/ONICS\/index.php\/wp-json\/wp\/v2\/types\/page"}],"author":[{"embeddable":true,"href":"http:\/\/www.ptfos.unios.hr\/ONICS\/index.php\/wp-json\/wp\/v2\/users\/1"}],"replies":[{"embeddable":true,"href":"http:\/\/www.ptfos.unios.hr\/ONICS\/index.php\/wp-json\/wp\/v2\/comments?post=1175"}],"version-history":[{"count":18,"href":"http:\/\/www.ptfos.unios.hr\/ONICS\/index.php\/wp-json\/wp\/v2\/pages\/1175\/revisions"}],"predecessor-version":[{"id":1297,"href":"http:\/\/www.ptfos.unios.hr\/ONICS\/index.php\/wp-json\/wp\/v2\/pages\/1175\/revisions\/1297"}],"wp:attachment":[{"href":"http:\/\/www.ptfos.unios.hr\/ONICS\/index.php\/wp-json\/wp\/v2\/media?parent=1175"}],"curies":[{"name":"wp","href":"https:\/\/api.w.org\/{rel}","templated":true}]}}