{"id":162,"date":"2017-10-04T12:43:12","date_gmt":"2017-10-04T10:43:12","guid":{"rendered":"http:\/\/www.ptfos.unios.hr\/ZeleneTehnologije\/?page_id=162"},"modified":"2020-01-28T10:49:00","modified_gmt":"2020-01-28T09:49:00","slug":"researchers","status":"publish","type":"page","link":"http:\/\/www.ptfos.unios.hr\/ZeleneTehnologije\/index.php\/en\/researchers\/","title":{"rendered":"Researchers"},"content":{"rendered":"<ul>\n<li>Mario Komar, mag.educ.chem., Faculty of Food Technology Osijek, J. J. Strossmayer University Osijek<\/li>\n<li>Melita Lon\u010dari\u0107, mag.ing.proc.,\u00a0Faculty of Food Technology Osijek, J. J. Strossmayer University Osijek<\/li>\n<li>PhD Valentina Bu\u0161i\u0107, assistant professor, Faculty of Food Technology Osijek, J. J. Strossmayer University Osijek<\/li>\n<li>Mirjana Lon\u010dar (ro\u0111. Prka\u010din), mag.ing.oecoing.,\u00a0Faculty of Food Technology Osijek, J. J. Strossmayer University Osijek<\/li>\n<li>Martina Jakovljevi\u0107, mag.nutr.,\u00a0Faculty of Food Technology Osijek, J. J. Strossmayer University Osijek<\/li>\n<\/ul>\n","protected":false},"excerpt":{"rendered":"<p>Mario Komar, mag.educ.chem., Faculty of Food Technology Osijek, J. J. Strossmayer University Osijek Melita Lon\u010dari\u0107, mag.ing.proc.,\u00a0Faculty of Food Technology Osijek, J. J. Strossmayer University Osijek PhD Valentina Bu\u0161i\u0107, assistant professor, Faculty of Food Technology Osijek, J. J. Strossmayer University Osijek Mirjana Lon\u010dar (ro\u0111. Prka\u010din), mag.ing.oecoing.,\u00a0Faculty of Food Technology Osijek, J. J. Strossmayer University Osijek Martina &#8230; <a title=\"Researchers\" class=\"read-more\" href=\"http:\/\/www.ptfos.unios.hr\/ZeleneTehnologije\/index.php\/en\/researchers\/\" aria-label=\"More on Researchers\">Op\u0161irnije<\/a><\/p>\n","protected":false},"author":1,"featured_media":0,"parent":0,"menu_order":0,"comment_status":"closed","ping_status":"closed","template":"","meta":{"generate_page_header":""},"_links":{"self":[{"href":"http:\/\/www.ptfos.unios.hr\/ZeleneTehnologije\/index.php\/wp-json\/wp\/v2\/pages\/162"}],"collection":[{"href":"http:\/\/www.ptfos.unios.hr\/ZeleneTehnologije\/index.php\/wp-json\/wp\/v2\/pages"}],"about":[{"href":"http:\/\/www.ptfos.unios.hr\/ZeleneTehnologije\/index.php\/wp-json\/wp\/v2\/types\/page"}],"author":[{"embeddable":true,"href":"http:\/\/www.ptfos.unios.hr\/ZeleneTehnologije\/index.php\/wp-json\/wp\/v2\/users\/1"}],"replies":[{"embeddable":true,"href":"http:\/\/www.ptfos.unios.hr\/ZeleneTehnologije\/index.php\/wp-json\/wp\/v2\/comments?post=162"}],"version-history":[{"count":13,"href":"http:\/\/www.ptfos.unios.hr\/ZeleneTehnologije\/index.php\/wp-json\/wp\/v2\/pages\/162\/revisions"}],"predecessor-version":[{"id":517,"href":"http:\/\/www.ptfos.unios.hr\/ZeleneTehnologije\/index.php\/wp-json\/wp\/v2\/pages\/162\/revisions\/517"}],"wp:attachment":[{"href":"http:\/\/www.ptfos.unios.hr\/ZeleneTehnologije\/index.php\/wp-json\/wp\/v2\/media?parent=162"}],"curies":[{"name":"wp","href":"https:\/\/api.w.org\/{rel}","templated":true}]}}