{"id":164,"date":"2017-10-04T12:44:32","date_gmt":"2017-10-04T10:44:32","guid":{"rendered":"http:\/\/www.ptfos.unios.hr\/ZeleneTehnologije\/?page_id=164"},"modified":"2020-11-26T08:56:55","modified_gmt":"2020-11-26T07:56:55","slug":"phd-masters-and-undergraduate-theses","status":"publish","type":"page","link":"http:\/\/www.ptfos.unios.hr\/ZeleneTehnologije\/index.php\/en\/phd-masters-and-undergraduate-theses\/","title":{"rendered":"Phd, masters and undergraduate theses"},"content":{"rendered":"<p><span style=\"color: #0000ff;\"><strong><span style=\"font-size: 14pt;\">2018<\/span><\/strong><\/span><\/p>\n<ul>\n<li>Dora, Nikoli\u0107. <strong>Alkylation of Rhodanine Derivatives with Halogenated Coumarins\u00a0<\/strong>\/ undergraduate thesis &#8211; undergraduate studies.\u00a0Osijek: Faculty of food Technology Osijek, 28.09. 2018. Mentor: Molnar, Maja.\u00a0<a href=\"http:\/\/bib.irb.hr\/prikazi-rad?&amp;rad=960163\">http:\/\/bib.irb.hr\/prikazi-rad?&amp;rad=960163<\/a><\/li>\n<li>Grbe\u0161, Leon. <strong>Choline Chloride Based Deep Eutectic Solvents in Quinazoinones Synthesis<\/strong>\u00a0\/ undergraduate thesis &#8211; undergraduate studies.\u00a0Osijek: Faculty of food Technology Osijek, 28.09. 2018. Mentor: Molnar, Maja.\u00a0<a href=\"http:\/\/bib.irb.hr\/prikazi-rad?&amp;rad=960159\">http:\/\/bib.irb.hr\/prikazi-rad?&amp;rad=960159<\/a><\/li>\n<li>Ivki\u0107, Marijana. <strong>Antibacterial and antioxidative activity of rhodanine derivates synthesised by Knoevenagel condensation in deep eutectic solvent choline chloride\/urea<\/strong>\/diploma tehesis. Osijek: J. J. Strossmayer university, Biology Department, 16.11. 2018, 55 str. Mentor: Pavi\u0107, Valentina; Molnar, Maja.\u00a0<a href=\"http:\/\/bib.irb.hr\/prikazi-rad?&amp;rad=971206\">http:\/\/bib.irb.hr\/prikazi-rad?&amp;rad=971206<\/a><\/li>\n<\/ul>\n<p><span style=\"font-size: 14pt; color: #0000ff;\"><strong>2019<\/strong><\/span><\/p>\n<ul>\n<li>Dalia Bo\u017eanovi\u0107. <strong>Application of Eutectic Solvents in the Quaternization Reaction of Isonicotinamide and 2-Bromoacetophenones<\/strong>\/diploma thesis. Osijek: Faculty of food Technology Osijek, 29.05. 2019. Mentor: Valentina Bu\u0161i\u0107; Dajana Ga\u0161o-Soka\u010d.<a href=\"https:\/\/bib.irb.hr\/prikazi-rad?&amp;rad=1010796\">https:\/\/bib.irb.hr\/prikazi-rad?&amp;rad=1010796<\/a><\/li>\n<li>Krijan, Luka. <strong>Application of Eutectic Solvents in the Quaternization Reaction of Nicotinamide and 2- Bromo-4\u2019-methylacetophenones<\/strong>\/diploma tehsis.\u00a0Osijek : Prehrambeno-tehnolo\u0161ki fakultet Osijek, 19.07. 2019.\u00a0Voditelj: Valentina Bu\u0161i\u0107; Dajana Ga\u0161o-Soka\u010d.\u00a0\u00a0<a href=\"https:\/\/bib.irb.hr\/prikazi-rad?&amp;rad=1012973\">https:\/\/bib.irb.hr\/prikazi-rad?&amp;rad=1012973<\/a><\/li>\n<li>Glavina, Paula. <strong>Knoevenagel condensation of 1, 3-thiazolidin- 2, 4-dione with aromatic aledhydes in deep eutectic solvents<\/strong>\u00a0\/ undergraduate thesis.\u00a0Osijek: Faculty of food Technology Osijek, 12.09.2019. Mentor: Maja Molnar\u00a0\u00a0<a href=\"https:\/\/www.bib.irb.hr\/1019749?&amp;rad=1019749\">https:\/\/www.bib.irb.hr\/1019749?&amp;rad=1019749<\/a><\/li>\n<li>Peri\u0161, Ivana.\u00a0<a class=\"smedjilink\" href=\"https:\/\/bib.irb.hr\/prikazi-rad?&amp;rad=1022773\" target=\"_blank\" rel=\"noopener\"><b>Primjena eutekti\u010dkih otapala u sintezi tiosemikarbazida i triazola<\/b><\/a>\u00a0\/ zavr\u0161ni rad &#8211; diplomski\/integralni studij.\u00a0Osijek : Odjel za biologiju, 25.09. 2019.\u00a0Voditelj: Pavi\u0107, Valentina ; Molnar, Maja.\u00a0<a href=\"https:\/\/www.bib.irb.hr\/1022773?&amp;rad=1022773\">https:\/\/www.bib.irb.hr\/1022773?&amp;rad=1022773<\/a><\/li>\n<li>Raji\u0107, Martina.\u00a0<a class=\"citation-title\" href=\"https:\/\/www.bib.irb.hr\/1024814\">Salicin i derivati salicina<\/a><span class=\"citation\">\u00a02019., diplomski rad, preddiplomski, Sveu\u010dili\u0161te J.J. Strossmayera u Osijeku ; Odjel za kemiju, Osijek.<\/span><\/li>\n<li>\n<div class=\"authors\">\u0110urkovi\u0107, Matej.\u00a0<a class=\"citation-title\" href=\"https:\/\/www.bib.irb.hr\/1024817\">Priprava kvaternih soli nikotinamida sa supstituiranim fenacil-bromidima u eutekti\u010dkim otapalima<\/a><span class=\"citation\">\u00a02019., diplomski rad, diplomski, Sveu\u010dili\u0161te J.J. Strossmayera u Osijeku ; Odjel za kemiju, Osijek<\/span><\/div>\n<\/li>\n<li>\n<div class=\"authors\">Lovri\u0107, Josipa.\u00a0<a class=\"citation-title\" href=\"https:\/\/www.bib.irb.hr\/1024823\">Ispitivanje mogu\u0107nosti primjene eutekti\u010dkih otapala u reakcijama kvaternizacije<\/a><span class=\"citation\">\u00a02019., diplomski rad, diplomski, Sveu\u010dili\u0161te J.J. Strossmayera u Osijeku ; Odjel za kemiju, Osijek<\/span><\/div>\n<\/li>\n<\/ul>\n<p><span style=\"font-size: 14pt;\"><strong>2020<\/strong><\/span><\/p>\n<ul>\n<li class=\"authors\">Pra\u0161nikar, Fran.\u00a0<a class=\"citation-title\" href=\"https:\/\/www.bib.irb.hr\/1089910\">Sinteza nekih derivata kinazolinona primjenom zelenih metoda sinteze &#8211; usporedba mehanosinteze i ultrazvuka<\/a><span class=\"citation\">, 2020., diplomski rad, preddiplomski, Odjel za biologiju, Osijek<\/span><\/li>\n<li>\n<div class=\"authors\">\u017divkovi\u0107, Ines.\u00a0<a class=\"citation-title\" href=\"https:\/\/www.bib.irb.hr\/1093011\">Sinteza derivata kumarin-3-karboksilne kiseline u eutekti\u010dkim otapalima<\/a><span class=\"citation\">, 2020., diplomski rad, preddiplomski, Odjel za biologiju, Osijek<\/span><\/div>\n<\/li>\n<li>\u010curila, Viktoria. Primjena zelenih metoda u sintezi derivata kinazolinona, 1.10. 2020., diplomski rad, preddiplomski, Odjel za biologiju, Osijek<\/li>\n<li><\/li>\n<\/ul>\n","protected":false},"excerpt":{"rendered":"<p>2018 Dora, Nikoli\u0107. Alkylation of Rhodanine Derivatives with Halogenated Coumarins\u00a0\/ undergraduate thesis &#8211; undergraduate studies.\u00a0Osijek: Faculty of food Technology Osijek, 28.09. 2018. Mentor: Molnar, Maja.\u00a0http:\/\/bib.irb.hr\/prikazi-rad?&amp;rad=960163 Grbe\u0161, Leon. Choline Chloride Based Deep Eutectic Solvents in Quinazoinones Synthesis\u00a0\/ undergraduate thesis &#8211; undergraduate studies.\u00a0Osijek: Faculty of food Technology Osijek, 28.09. 2018. Mentor: Molnar, Maja.\u00a0http:\/\/bib.irb.hr\/prikazi-rad?&amp;rad=960159 Ivki\u0107, Marijana. Antibacterial and &#8230; <a title=\"Phd, masters and undergraduate theses\" class=\"read-more\" href=\"http:\/\/www.ptfos.unios.hr\/ZeleneTehnologije\/index.php\/en\/phd-masters-and-undergraduate-theses\/\" aria-label=\"More on Phd, masters and undergraduate theses\">Op\u0161irnije<\/a><\/p>\n","protected":false},"author":1,"featured_media":0,"parent":0,"menu_order":0,"comment_status":"closed","ping_status":"closed","template":"","meta":{"generate_page_header":""},"_links":{"self":[{"href":"http:\/\/www.ptfos.unios.hr\/ZeleneTehnologije\/index.php\/wp-json\/wp\/v2\/pages\/164"}],"collection":[{"href":"http:\/\/www.ptfos.unios.hr\/ZeleneTehnologije\/index.php\/wp-json\/wp\/v2\/pages"}],"about":[{"href":"http:\/\/www.ptfos.unios.hr\/ZeleneTehnologije\/index.php\/wp-json\/wp\/v2\/types\/page"}],"author":[{"embeddable":true,"href":"http:\/\/www.ptfos.unios.hr\/ZeleneTehnologije\/index.php\/wp-json\/wp\/v2\/users\/1"}],"replies":[{"embeddable":true,"href":"http:\/\/www.ptfos.unios.hr\/ZeleneTehnologije\/index.php\/wp-json\/wp\/v2\/comments?post=164"}],"version-history":[{"count":27,"href":"http:\/\/www.ptfos.unios.hr\/ZeleneTehnologije\/index.php\/wp-json\/wp\/v2\/pages\/164\/revisions"}],"predecessor-version":[{"id":584,"href":"http:\/\/www.ptfos.unios.hr\/ZeleneTehnologije\/index.php\/wp-json\/wp\/v2\/pages\/164\/revisions\/584"}],"wp:attachment":[{"href":"http:\/\/www.ptfos.unios.hr\/ZeleneTehnologije\/index.php\/wp-json\/wp\/v2\/media?parent=164"}],"curies":[{"name":"wp","href":"https:\/\/api.w.org\/{rel}","templated":true}]}}