{"id":9,"date":"2017-05-30T22:36:18","date_gmt":"2017-05-30T20:36:18","guid":{"rendered":"http:\/\/www.ptfos.unios.hr\/ZeleneTehnologije\/?page_id=9"},"modified":"2020-01-28T10:48:38","modified_gmt":"2020-01-28T09:48:38","slug":"istrazivaci","status":"publish","type":"page","link":"http:\/\/www.ptfos.unios.hr\/ZeleneTehnologije\/index.php\/istrazivaci\/","title":{"rendered":"Istra\u017eiva\u010di"},"content":{"rendered":"<ul>\n<li>Mario Komar, mag.educ.chem., Prehrambeno-tehnolo\u0161ki fakultet Osijek, Sveu\u010dili\u0161te J. J. Strossmayera u Osijeku<\/li>\n<li>Melita Lon\u010dari\u0107, mag.ing.proc., Prehrambeno-tehnolo\u0161ki fakultet Osijek, Sveu\u010dili\u0161te J. J. Strossmayera u Osijeku<\/li>\n<li>doc.dr.sc. Valentina Bu\u0161i\u0107, Prehrambeno-tehnolo\u0161ki fakultet Osijek, Sveu\u010dili\u0161te J. J. Strossmayera u Osijeku<\/li>\n<li>Mirjana Lon\u010dar (ro\u0111. Prka\u010din), mag.ing.oecoing.\u00a0Prehrambeno-tehnolo\u0161ki fakultet Osijek, Sveu\u010dili\u0161te J. J. Strossmayera u Osijeku<\/li>\n<li>Martina Jakovljevi\u0107, mag.nutr.\u00a0Prehrambeno-tehnolo\u0161ki fakultet Osijek, Sveu\u010dili\u0161te J. J. Strossmayera u Osijeku<\/li>\n<\/ul>\n","protected":false},"excerpt":{"rendered":"<p>Mario Komar, mag.educ.chem., Prehrambeno-tehnolo\u0161ki fakultet Osijek, Sveu\u010dili\u0161te J. J. Strossmayera u Osijeku Melita Lon\u010dari\u0107, mag.ing.proc., Prehrambeno-tehnolo\u0161ki fakultet Osijek, Sveu\u010dili\u0161te J. J. Strossmayera u Osijeku doc.dr.sc. Valentina Bu\u0161i\u0107, Prehrambeno-tehnolo\u0161ki fakultet Osijek, Sveu\u010dili\u0161te J. J. Strossmayera u Osijeku Mirjana Lon\u010dar (ro\u0111. Prka\u010din), mag.ing.oecoing.\u00a0Prehrambeno-tehnolo\u0161ki fakultet Osijek, Sveu\u010dili\u0161te J. J. Strossmayera u Osijeku Martina Jakovljevi\u0107, mag.nutr.\u00a0Prehrambeno-tehnolo\u0161ki fakultet Osijek, Sveu\u010dili\u0161te &#8230; <a title=\"Istra\u017eiva\u010di\" class=\"read-more\" href=\"http:\/\/www.ptfos.unios.hr\/ZeleneTehnologije\/index.php\/istrazivaci\/\" aria-label=\"More on Istra\u017eiva\u010di\">Op\u0161irnije<\/a><\/p>\n","protected":false},"author":1,"featured_media":0,"parent":0,"menu_order":0,"comment_status":"closed","ping_status":"closed","template":"","meta":{"generate_page_header":""},"_links":{"self":[{"href":"http:\/\/www.ptfos.unios.hr\/ZeleneTehnologije\/index.php\/wp-json\/wp\/v2\/pages\/9"}],"collection":[{"href":"http:\/\/www.ptfos.unios.hr\/ZeleneTehnologije\/index.php\/wp-json\/wp\/v2\/pages"}],"about":[{"href":"http:\/\/www.ptfos.unios.hr\/ZeleneTehnologije\/index.php\/wp-json\/wp\/v2\/types\/page"}],"author":[{"embeddable":true,"href":"http:\/\/www.ptfos.unios.hr\/ZeleneTehnologije\/index.php\/wp-json\/wp\/v2\/users\/1"}],"replies":[{"embeddable":true,"href":"http:\/\/www.ptfos.unios.hr\/ZeleneTehnologije\/index.php\/wp-json\/wp\/v2\/comments?post=9"}],"version-history":[{"count":19,"href":"http:\/\/www.ptfos.unios.hr\/ZeleneTehnologije\/index.php\/wp-json\/wp\/v2\/pages\/9\/revisions"}],"predecessor-version":[{"id":516,"href":"http:\/\/www.ptfos.unios.hr\/ZeleneTehnologije\/index.php\/wp-json\/wp\/v2\/pages\/9\/revisions\/516"}],"wp:attachment":[{"href":"http:\/\/www.ptfos.unios.hr\/ZeleneTehnologije\/index.php\/wp-json\/wp\/v2\/media?parent=9"}],"curies":[{"name":"wp","href":"https:\/\/api.w.org\/{rel}","templated":true}]}}