{"id":364,"date":"2023-01-22T18:00:27","date_gmt":"2023-01-22T18:00:27","guid":{"rendered":"http:\/\/www.ptfos.unios.hr\/biogospodarstvo\/?page_id=364"},"modified":"2023-01-22T18:00:27","modified_gmt":"2023-01-22T18:00:27","slug":"vjekoslav-galzina","status":"publish","type":"page","link":"http:\/\/www.ptfos.unios.hr\/biogospodarstvo\/index.php\/profesori\/vjekoslav-galzina\/","title":{"rendered":"Vjekoslav Galzina"},"content":{"rendered":"\n<p>Izv. prof. dr. sc. Vjekoslav Galzina je doktorirao u znanstvenom podru\u010dju tehni\u010dkih znanosti na Strojarskom fakultetu u Slavonskom Brodu, Sveu\u010dili\u0161ta Josipa Jurja Strossmayera u Osijeku 2011., magistrirao 2007., a 2002. diplomirao sveu\u010dili\u0161ni diplomski studij strojarstva. 2012. je zavr\u0161io Pedago\u0161ko-psiholo\u0161ku i didakti\u010dko-metodi\u010dku izobrazbu na U\u010diteljskom fakultetu Sveu\u010dili\u0161ta u Osijeku a 2002. za programera na osobnom ra\u010dunalu.<\/p>\n\n\n\n<p>Do 2004. zaposlen je kao voditelj projekta u tvrtki \u0110uro \u0110akovi\u0107 Elektromont d.d. Slavonski Brod na poslovima projektiranja i uvo\u0111enja sustava automatizacije i vizualizacije procesa. Tako\u0111er, bio je vlasnik obrta za tehni\u010dko savjetovanje Peritus Nodus do 2013.. Primarno je radio na poslovima automatizacije procesne industrije (prehrambena, cementna, energetika, pro\u010di\u0161\u0107avanje otpadnih voda, itd.). Do 2014. je bio zaposlen na Strojarskom fakultetu u Slavonskom Brodu, te 2014. na Veleu\u010dili\u0161tu u Slavonskom Brodu. Od 2014. je zaposlen na&nbsp; Fakultetu za odgojne i obrazovne znanosti Sveu\u010dili\u0161ta u Osijeku, a&nbsp; u kumulativnom radnom odnosu i na Kineziolo\u0161kom fakultetu Osijek od 2020.<\/p>\n\n\n\n<p>Stru\u010dnjak je iz podru\u010dja automatizacije i vizualizacije procesa te raspore\u0111ivanja proizvodnje. Predaje tehni\u010dke i informati\u010dke kolegije na Fakultetu za odgojne i obrazovne znanosti i Kineziolo\u0161kom fakultetu Osijek. Podru\u010dje interesa su mu neizrazita logika, optimizacija rojevima \u010destica, umjetna inteligencija, neinvazivne tehnologije vo\u0111enja sustava te nadzor i vo\u0111enje sustava.<\/p>\n\n\n\n<p>Sudjelovao je na vi\u0161e projekata od stru\u010dnih, sveu\u010dili\u0161nih, nacionalnih, bilateralnih do me\u0111unarodnih (FOOZOS, UNIOS, MZT, CARDS, IPA, INTERREG) u razli\u010ditim ulogama od suradnika, tehni\u010dkog eksperta, koordinatora do voditelja.<\/p>\n\n\n\n<p>Usmjeren je ka me\u0111unarodnoj suradnji u ulogama Erasmus i CEEPUS koordinatora te je institucionalno anga\u017eiran kao Prodekan za poslovne odnose i me\u0111unarodnu suradnju na Fakultetu za odgojne i obrazovne znanosti.<\/p>\n\n\n\n<p>Dobio je nagradu Fakulteta za odgojne i obrazovne znanosti za izvrsnost u radu te doprinos aktivnostima i ugledu Fakulteta za 2016. te nagradu Zaklade Izvorno hrvatsko Hrvatske gospodarske komore za 2006.&nbsp;<\/p>\n\n\n\n<p>O\u017eenjen je i otac dvije k\u0107eri.<\/p>\n","protected":false},"excerpt":{"rendered":"<p>Izv. prof. dr. sc. Vjekoslav Galzina je doktorirao u znanstvenom podru\u010dju tehni\u010dkih znanosti na Strojarskom fakultetu u Slavonskom Brodu, Sveu\u010dili\u0161ta Josipa Jurja Strossmayera u Osijeku 2011., magistrirao 2007., a 2002. diplomirao sveu\u010dili\u0161ni diplomski studij strojarstva. 2012. je zavr\u0161io Pedago\u0161ko-psiholo\u0161ku i didakti\u010dko-metodi\u010dku izobrazbu na U\u010diteljskom fakultetu Sveu\u010dili\u0161ta u Osijeku a 2002. za programera na osobnom ra\u010dunalu. [&hellip;]<\/p>\n","protected":false},"author":1,"featured_media":0,"parent":341,"menu_order":0,"comment_status":"closed","ping_status":"closed","template":"","meta":[],"_links":{"self":[{"href":"http:\/\/www.ptfos.unios.hr\/biogospodarstvo\/index.php\/wp-json\/wp\/v2\/pages\/364"}],"collection":[{"href":"http:\/\/www.ptfos.unios.hr\/biogospodarstvo\/index.php\/wp-json\/wp\/v2\/pages"}],"about":[{"href":"http:\/\/www.ptfos.unios.hr\/biogospodarstvo\/index.php\/wp-json\/wp\/v2\/types\/page"}],"author":[{"embeddable":true,"href":"http:\/\/www.ptfos.unios.hr\/biogospodarstvo\/index.php\/wp-json\/wp\/v2\/users\/1"}],"replies":[{"embeddable":true,"href":"http:\/\/www.ptfos.unios.hr\/biogospodarstvo\/index.php\/wp-json\/wp\/v2\/comments?post=364"}],"version-history":[{"count":1,"href":"http:\/\/www.ptfos.unios.hr\/biogospodarstvo\/index.php\/wp-json\/wp\/v2\/pages\/364\/revisions"}],"predecessor-version":[{"id":365,"href":"http:\/\/www.ptfos.unios.hr\/biogospodarstvo\/index.php\/wp-json\/wp\/v2\/pages\/364\/revisions\/365"}],"up":[{"embeddable":true,"href":"http:\/\/www.ptfos.unios.hr\/biogospodarstvo\/index.php\/wp-json\/wp\/v2\/pages\/341"}],"wp:attachment":[{"href":"http:\/\/www.ptfos.unios.hr\/biogospodarstvo\/index.php\/wp-json\/wp\/v2\/media?parent=364"}],"curies":[{"name":"wp","href":"https:\/\/api.w.org\/{rel}","templated":true}]}}