{"id":366,"date":"2023-01-22T18:00:55","date_gmt":"2023-01-22T18:00:55","guid":{"rendered":"http:\/\/www.ptfos.unios.hr\/biogospodarstvo\/?page_id=366"},"modified":"2023-01-22T18:00:55","modified_gmt":"2023-01-22T18:00:55","slug":"zlata-dolacek-alduk","status":"publish","type":"page","link":"http:\/\/www.ptfos.unios.hr\/biogospodarstvo\/index.php\/profesori\/zlata-dolacek-alduk\/","title":{"rendered":"Zlata Dola\u010dek-Alduk"},"content":{"rendered":"\n<p>Prof. dr. sc. Zlata Dola\u010dek-Alduk je doktorirala u znanstvenom polju temeljne tehni\u010dke znanosti na Gra\u0111evinskom fakultetu Sveu\u010dili\u0161ta u Zagrebu 2008. godine. Od 2008. godine certificirani je interni auditor &#8211; osposobljena za provo\u0111enje internih audita u organizacijama. Program pedago\u0161ko-psiholo\u0161ke i didakti\u010dko-metodi\u010dke naobrazbe na U\u010diteljskom fakultetu Sveu\u010dili\u0161ta Josipa Jurja Strossmayera u Osijeku zavr\u0161ila je 2010. godine. Od srpnja 2012. godine voditeljica je programa izobrazbe za osobe koje provode energetske preglede i energetsko certificiranje zgrada kojeg provodi Gra\u0111evinski i arhitektonski fakultet Osijek. Od 2008. godine predsjednica je Dru\u0161tva gra\u0111evinskih in\u017eenjera Osijek, temeljne \u010dlanice Hrvatskog saveza gra\u0111evinskih in\u017eenjera. \u010clanica je HZN\/TO 574 <em>Sustavi upravljanja kvalitetom, rizicima, vrijednostima i inovacijama<\/em> od 2006. godine i HZN\/TO 551 <em>Gradnja<\/em> od 2020. godine. \u010clanica je radne skupine za izradu <em>Smjernica za BIM pristup u infrastrukturnim projektima<\/em> pri Hrvatskoj komori in\u017eenjera gra\u0111evinarstva.<\/p>\n\n\n\n<p>Od akademske 1998.\/1999. godine sudjeluje u izvo\u0111enju nastave na predmetima preddiplomskih sveu\u010dili\u0161nih studija gra\u0111evinarstva i arhitekture i urbanizma, diplomskog sveu\u010dili\u0161nog studija i specijalisti\u010dkog diplomskog stru\u010dnog studija gra\u0111evinarstva na Gra\u0111evinskom i arhitektonskom fakultetu Osijek. Od akademske 2011.\/2012. godine sudjeluje u izvo\u0111enju nastave na poslijediplomskom sveu\u010dili\u0161nom studiju Gra\u0111evinarstvo. Tijekom 213. godine u okviru ERASMUS programa usavr\u0161avala se na Bauhaus-Universit\u04d3t Weimar, Fakult\u00e4t Bauingenieurwesen, Njema\u010dka.<\/p>\n\n\n\n<p>U okviru znanstvene djelatnosti bavi se upravljanjem kvalitetom i unaprje\u0111enjem tehnolo\u0161kih procesa kod proizvodnje gra\u0111evnih proizvoda, posebno asfaltnih mje\u0161avina, s naglaskom na optimizaciju utro\u0161ka energenata u proizvodnji vru\u0107ih asfaltnih mje\u0161avina. Istra\u017eiva\u010dke aktivnosti usmjerene su i na primjenu digitalnih tehnologija u funkciji reprezentacije fizi\u010dkih i funkcijskih svojstava gra\u0111evina i procesa gra\u0111enja. U okviru znanstvenog i istra\u017eiva\u010dkog rada sudjelovala je u pripremi i provedbi znanstvenih, istra\u017eiva\u010dkih i razvojnih projekata na me\u0111unarodnoj i nacionalnoj razini. Voditeljica je dva razvojna nacionalna projekta <em>Odr\u017eivi model stru\u010dne prakse na Gra\u0111evinskom i arhitektonskom fakultetu Osijek \u2013 PRAG<\/em>, Europski socijalni fond, 2020. \u2013 2023. i <em>Razvoj i primjena Hrvatskog kvalifikacijskog okvira u visokom obrazovanju gra\u0111evinskih in\u017eenjera<\/em>, Europski socijalni fond, 2015. \u2013 2016. Aktivno sudjeluje u organizaciji i provedbi aktivnosti popularizacije znanosti u okviru ERASMUS+ projekta, festivala znanosti, zimske kreativne \u0161kole Graditelji.&nbsp;<\/p>\n\n\n\n<p>Do sada je objavila 45 znanstvenih i stru\u010dnih radova u znanstvenim i stru\u010dnim \u010dasopisima i 80 radova u zbornicima doma\u0107ih i me\u0111unarodnih skupova. Odr\u017eala je pozvana predavanja u okviru me\u0111unarodnih projekata, znanstvenih i stru\u010dnih skupova. Recenzentica je znanstvenih i stru\u010dnih radova objavljenih u \u010dasopisima Applied Sciences, Materials, Sustainability, Energies, Orgnization, Technology &amp; Management in Construction \u2013 an International Journal, Tehni\u010dki vjesnik, Tehni\u010dki glasnik i Gra\u0111evinar. \u010clanica je Uredni\u010dkog odbora \u010dasopisa Gra\u0111evinar i Tehni\u010dki glasnik \u2013 Technical Journal.<\/p>\n\n\n\n<p>Dobitnica je Povelje za naro\u010dit doprinos razvoju i djelatnosti Hrvatskog dru\u0161tva menad\u017eera kvalitete i kvalitete uop\u0107e Hrvatskog dru\u0161tva menad\u017eera kvalitete 2016. godine, Povelje za poseban doprinos u edukaciji i promociji kvalitete Hrvatskog dru\u0161tva za kvalitetu 2014. godine i Povelje zahvalnosti Zajednice tehni\u010dke kulture Grada Osijeka za postignu\u0107a i doprinos od zna\u010denja za razvitak tehni\u010dke kulture na podru\u010dju Grada Osijeka 2013. godine.<\/p>\n","protected":false},"excerpt":{"rendered":"<p>Prof. dr. sc. Zlata Dola\u010dek-Alduk je doktorirala u znanstvenom polju temeljne tehni\u010dke znanosti na Gra\u0111evinskom fakultetu Sveu\u010dili\u0161ta u Zagrebu 2008. godine. Od 2008. godine certificirani je interni auditor &#8211; osposobljena za provo\u0111enje internih audita u organizacijama. Program pedago\u0161ko-psiholo\u0161ke i didakti\u010dko-metodi\u010dke naobrazbe na U\u010diteljskom fakultetu Sveu\u010dili\u0161ta Josipa Jurja Strossmayera u Osijeku zavr\u0161ila je 2010. godine. Od [&hellip;]<\/p>\n","protected":false},"author":1,"featured_media":0,"parent":341,"menu_order":0,"comment_status":"closed","ping_status":"closed","template":"","meta":[],"_links":{"self":[{"href":"http:\/\/www.ptfos.unios.hr\/biogospodarstvo\/index.php\/wp-json\/wp\/v2\/pages\/366"}],"collection":[{"href":"http:\/\/www.ptfos.unios.hr\/biogospodarstvo\/index.php\/wp-json\/wp\/v2\/pages"}],"about":[{"href":"http:\/\/www.ptfos.unios.hr\/biogospodarstvo\/index.php\/wp-json\/wp\/v2\/types\/page"}],"author":[{"embeddable":true,"href":"http:\/\/www.ptfos.unios.hr\/biogospodarstvo\/index.php\/wp-json\/wp\/v2\/users\/1"}],"replies":[{"embeddable":true,"href":"http:\/\/www.ptfos.unios.hr\/biogospodarstvo\/index.php\/wp-json\/wp\/v2\/comments?post=366"}],"version-history":[{"count":1,"href":"http:\/\/www.ptfos.unios.hr\/biogospodarstvo\/index.php\/wp-json\/wp\/v2\/pages\/366\/revisions"}],"predecessor-version":[{"id":367,"href":"http:\/\/www.ptfos.unios.hr\/biogospodarstvo\/index.php\/wp-json\/wp\/v2\/pages\/366\/revisions\/367"}],"up":[{"embeddable":true,"href":"http:\/\/www.ptfos.unios.hr\/biogospodarstvo\/index.php\/wp-json\/wp\/v2\/pages\/341"}],"wp:attachment":[{"href":"http:\/\/www.ptfos.unios.hr\/biogospodarstvo\/index.php\/wp-json\/wp\/v2\/media?parent=366"}],"curies":[{"name":"wp","href":"https:\/\/api.w.org\/{rel}","templated":true}]}}