{"id":1079,"date":"2018-07-07T15:10:29","date_gmt":"2018-07-07T13:10:29","guid":{"rendered":"http:\/\/www.ptfos.unios.hr\/isc_green\/?page_id=1079"},"modified":"2022-10-20T07:17:09","modified_gmt":"2022-10-20T05:17:09","slug":"1079-2","status":"publish","type":"page","link":"http:\/\/www.ptfos.unios.hr\/isc_green\/index.php\/1079-2\/","title":{"rendered":""},"content":{"rendered":"\n\n<p>\u00a0<\/p>\n<p style=\"text-align: center;\"><strong><span style=\"font-family: arial, helvetica, sans-serif; font-size: 14pt;\"><span style=\"font-size: 18pt;\">\u00a0** ISC GREEN 2022 **<\/span>\u00a0<\/span><\/strong><\/p>\n<p style=\"text-align: center;\"><strong><span style=\"font-family: arial, helvetica, sans-serif; font-size: 14pt;\">KNJIGA SA\u017dETAKA <span style=\"font-family: arial, helvetica, sans-serif;\"><span style=\"font-size: 14pt;\">2. me\u0111unarodne studentske GREEN konferencije<\/span><\/span><\/span><\/strong><\/p>\n<p><img loading=\"lazy\" decoding=\"async\" class=\"alignnone size-medium wp-image-1854 aligncenter\" src=\"http:\/\/www.ptfos.unios.hr\/isc_green\/wp-content\/uploads\/2022\/10\/Bez-naslova-212x300.jpg\" alt=\"\" width=\"212\" height=\"300\" srcset=\"http:\/\/www.ptfos.unios.hr\/isc_green\/wp-content\/uploads\/2022\/10\/Bez-naslova-212x300.jpg 212w, http:\/\/www.ptfos.unios.hr\/isc_green\/wp-content\/uploads\/2022\/10\/Bez-naslova-17x24.jpg 17w, http:\/\/www.ptfos.unios.hr\/isc_green\/wp-content\/uploads\/2022\/10\/Bez-naslova-25x36.jpg 25w, http:\/\/www.ptfos.unios.hr\/isc_green\/wp-content\/uploads\/2022\/10\/Bez-naslova-34x48.jpg 34w, http:\/\/www.ptfos.unios.hr\/isc_green\/wp-content\/uploads\/2022\/10\/Bez-naslova.jpg 593w\" sizes=\"auto, (max-width: 212px) 100vw, 212px\" \/><\/p>\n<p style=\"text-align: center;\"><span style=\"font-family: arial, helvetica, sans-serif; font-size: 14pt; background-color: #ccffcc;\"><a href=\"http:\/\/www.ptfos.unios.hr\/isc_green\/wp-content\/uploads\/2022\/10\/Book-of-Abstracts-ISC-GREEN-2022-1.pdf\">(preuzimanje)<\/a><\/span><\/p>\n<p><span style=\"color: #ffffff;\">..<\/span><\/p>\n<p><span style=\"color: #ffffff;\">.<\/span><\/p>\n<p style=\"text-align: center;\"><strong><span style=\"font-family: arial, helvetica, sans-serif; font-size: 14pt;\"><span style=\"font-size: 18pt;\">\u00a0** ISC GREEN 2018 **<\/span>\u00a0<\/span><\/strong><\/p>\n<p style=\"text-align: center;\"><span style=\"font-family: arial, helvetica, sans-serif;\"><strong><span style=\"font-size: 14pt;\">ZBORNIK RADOVA <span style=\"font-family: arial, helvetica, sans-serif; font-size: 14pt;\">1. me\u0111unarodne studentske GREEN konferencije<\/span><\/span><\/strong><\/span><\/p>\n<p><a href=\"https:\/\/www.researchgate.net\/publication\/351772796_Proceedings_ISC_GREEN_2018\"><img loading=\"lazy\" decoding=\"async\" class=\"size-medium wp-image-1457 aligncenter\" src=\"http:\/\/www.ptfos.unios.hr\/isc_green\/wp-content\/uploads\/2022\/05\/pros-1-225x300.jpg\" alt=\"\" width=\"225\" height=\"300\" srcset=\"http:\/\/www.ptfos.unios.hr\/isc_green\/wp-content\/uploads\/2022\/05\/pros-1-225x300.jpg 225w, http:\/\/www.ptfos.unios.hr\/isc_green\/wp-content\/uploads\/2022\/05\/pros-1-766x1024.jpg 766w, http:\/\/www.ptfos.unios.hr\/isc_green\/wp-content\/uploads\/2022\/05\/pros-1-768x1026.jpg 768w, http:\/\/www.ptfos.unios.hr\/isc_green\/wp-content\/uploads\/2022\/05\/pros-1-1150x1536.jpg 1150w, http:\/\/www.ptfos.unios.hr\/isc_green\/wp-content\/uploads\/2022\/05\/pros-1-18x24.jpg 18w, http:\/\/www.ptfos.unios.hr\/isc_green\/wp-content\/uploads\/2022\/05\/pros-1-27x36.jpg 27w, http:\/\/www.ptfos.unios.hr\/isc_green\/wp-content\/uploads\/2022\/05\/pros-1-36x48.jpg 36w, http:\/\/www.ptfos.unios.hr\/isc_green\/wp-content\/uploads\/2022\/05\/pros-1.jpg 1202w\" sizes=\"auto, (max-width: 225px) 100vw, 225px\" \/><\/a><\/p>\n<p style=\"text-align: center;\"><span style=\"font-size: 14pt; background-color: #ccffcc;\"><a style=\"background-color: #ccffcc;\" href=\"https:\/\/www.researchgate.net\/publication\/351772796_Proceedings_ISC_GREEN_2018\"><span style=\"font-family: arial, helvetica, sans-serif;\">(preuzimanje)<\/span><\/a><\/span><\/p>\n<p><span style=\"color: #ffffff;\">.<\/span><\/p>\n<p style=\"text-align: center;\"><strong><span style=\"font-family: arial, helvetica, sans-serif; font-size: 14pt;\">KNJIGA SA\u017dETAKA <span style=\"font-family: arial, helvetica, sans-serif;\"><span style=\"font-size: 14pt;\">1. me\u0111unarodne studentske GREEN konferencije<\/span><\/span><\/span><\/strong><\/p>\n<p><a href=\"https:\/\/www.researchgate.net\/publication\/336652961_Book_of_Abstracts_ISC_GREEN_2018\"><img loading=\"lazy\" decoding=\"async\" class=\"size-medium wp-image-1460 aligncenter\" src=\"http:\/\/www.ptfos.unios.hr\/isc_green\/wp-content\/uploads\/2022\/05\/abstr-229x300.jpg\" alt=\"\" width=\"229\" height=\"300\" srcset=\"http:\/\/www.ptfos.unios.hr\/isc_green\/wp-content\/uploads\/2022\/05\/abstr-229x300.jpg 229w, http:\/\/www.ptfos.unios.hr\/isc_green\/wp-content\/uploads\/2022\/05\/abstr-781x1024.jpg 781w, http:\/\/www.ptfos.unios.hr\/isc_green\/wp-content\/uploads\/2022\/05\/abstr-768x1007.jpg 768w, http:\/\/www.ptfos.unios.hr\/isc_green\/wp-content\/uploads\/2022\/05\/abstr-1171x1536.jpg 1171w, http:\/\/www.ptfos.unios.hr\/isc_green\/wp-content\/uploads\/2022\/05\/abstr-18x24.jpg 18w, http:\/\/www.ptfos.unios.hr\/isc_green\/wp-content\/uploads\/2022\/05\/abstr-27x36.jpg 27w, http:\/\/www.ptfos.unios.hr\/isc_green\/wp-content\/uploads\/2022\/05\/abstr-37x48.jpg 37w, http:\/\/www.ptfos.unios.hr\/isc_green\/wp-content\/uploads\/2022\/05\/abstr.jpg 1232w\" sizes=\"auto, (max-width: 229px) 100vw, 229px\" \/><\/a><\/p>\n<p style=\"text-align: center;\"><span style=\"background-color: #ccffcc;\"><a style=\"background-color: #ccffcc;\" href=\"https:\/\/www.researchgate.net\/publication\/336652961_Book_of_Abstracts_ISC_GREEN_2018\"><span style=\"font-size: 14pt; font-family: arial, helvetica, sans-serif; background-color: #ccffcc;\">(preuzimanje)<\/span><\/a><\/span><\/p>","protected":false},"excerpt":{"rendered":"<p>\u00a0 \u00a0** ISC GREEN 2022 **\u00a0 KNJIGA SA\u017dETAKA 2. me\u0111unarodne studentske GREEN konferencije (preuzimanje) .. . \u00a0** ISC GREEN 2018 **\u00a0 ZBORNIK RADOVA 1. me\u0111unarodne studentske GREEN konferencije (preuzimanje) . KNJIGA SA\u017dETAKA 1. me\u0111unarodne studentske GREEN konferencije (preuzimanje)<\/p>\n","protected":false},"author":3,"featured_media":0,"parent":0,"menu_order":0,"comment_status":"closed","ping_status":"closed","template":"","meta":{"_themeisle_gutenberg_block_has_review":false,"footnotes":""},"class_list":["post-1079","page","type-page","status-publish","hentry"],"_links":{"self":[{"href":"http:\/\/www.ptfos.unios.hr\/isc_green\/index.php\/wp-json\/wp\/v2\/pages\/1079","targetHints":{"allow":["GET"]}}],"collection":[{"href":"http:\/\/www.ptfos.unios.hr\/isc_green\/index.php\/wp-json\/wp\/v2\/pages"}],"about":[{"href":"http:\/\/www.ptfos.unios.hr\/isc_green\/index.php\/wp-json\/wp\/v2\/types\/page"}],"author":[{"embeddable":true,"href":"http:\/\/www.ptfos.unios.hr\/isc_green\/index.php\/wp-json\/wp\/v2\/users\/3"}],"replies":[{"embeddable":true,"href":"http:\/\/www.ptfos.unios.hr\/isc_green\/index.php\/wp-json\/wp\/v2\/comments?post=1079"}],"version-history":[{"count":27,"href":"http:\/\/www.ptfos.unios.hr\/isc_green\/index.php\/wp-json\/wp\/v2\/pages\/1079\/revisions"}],"predecessor-version":[{"id":1859,"href":"http:\/\/www.ptfos.unios.hr\/isc_green\/index.php\/wp-json\/wp\/v2\/pages\/1079\/revisions\/1859"}],"wp:attachment":[{"href":"http:\/\/www.ptfos.unios.hr\/isc_green\/index.php\/wp-json\/wp\/v2\/media?parent=1079"}],"curies":[{"name":"wp","href":"https:\/\/api.w.org\/{rel}","templated":true}]}}