{"id":432,"date":"2018-03-06T11:38:59","date_gmt":"2018-03-06T10:38:59","guid":{"rendered":"http:\/\/www.ptfos.unios.hr\/isc_green\/?page_id=432"},"modified":"2022-05-22T16:10:13","modified_gmt":"2022-05-22T14:10:13","slug":"prijava-sazetaka-i-radova","status":"publish","type":"page","link":"http:\/\/www.ptfos.unios.hr\/isc_green\/index.php\/prijava-sazetaka-i-radova\/","title":{"rendered":"Prijava sa\u017eetaka"},"content":{"rendered":"<p><span style=\"color: #ffffff; font-size: 14pt; font-family: arial, helvetica, sans-serif;\">.<\/span><\/p>\n<p><span style=\"font-family: arial, helvetica, sans-serif; font-size: 14pt;\">Sa\u017eetak rada (do 200 rije\u010di) na hrvatskom i engleskom ili samo engleskom jeziku, uz naznaku vrste prezentacije.<\/span><\/p>\n<p><span style=\"color: #ffffff;\">.<\/span><\/p>\n<p><strong><span style=\"font-family: arial, helvetica, sans-serif; font-size: 14pt;\">ROK: <span style=\"color: #000000; background-color: #ffffff;\"><span style=\"text-decoration: underline;\">27.5.2022\u00a0 (produ\u017een rok).<\/span><\/span><\/span><\/strong><\/p>\n<p><span style=\"color: #ffffff;\">.<\/span><\/p>\n<p><span style=\"font: 400 14pt \/ 24px arial, helvetica, sans-serif; text-align: left; color: #333333; text-transform: none; text-indent: 0px; letter-spacing: normal; text-decoration: none; word-spacing: 0px; white-space: normal; overflow-wrap: break-word; orphans: 2; float: none; -webkit-text-stroke-width: 0px; background-color: transparent; display: inline !important;\">Predlo\u0161ci za pisanje sa\u017eetka mogu se preuzeti ovdje:<\/span><\/p>\n<p><span style=\"font-family: arial, helvetica, sans-serif; font-size: 14pt;\"><span style=\"text-align: left; color: #333333; text-transform: none; line-height: 24px; text-indent: 0px; letter-spacing: normal; font-style: normal; font-variant: normal; font-weight: 400; text-decoration: none; word-spacing: 0px; white-space: normal; overflow-wrap: break-word; orphans: 2; float: none; -webkit-text-stroke-width: 0px; background-color: transparent; display: inline !important;\">hrvatski:<\/span><b><\/b><i><\/i><u><\/u><\/span><\/p>\n<p><span style=\"font-size: 14pt; font-family: arial, helvetica, sans-serif;\"><a href=\"http:\/\/www.ptfos.unios.hr\/isc_green\/wp-content\/uploads\/2022\/05\/ISC_GREEN-2022_Abstract_Template-HR.doc\">ISC_GREEN-2022_Abstract_Template HR<\/a><\/span><\/p>\n<p><span style=\"font-family: arial, helvetica, sans-serif; font-size: 14pt;\">ili engleski:<\/span><\/p>\n<p><span style=\"font-family: arial, helvetica, sans-serif; font-size: 14pt;\"><a href=\"http:\/\/www.ptfos.unios.hr\/isc_green\/wp-content\/uploads\/2022\/05\/ISC_GREEN-2022_Abstract_Template.doc\">ISC_GREEN-2022_Abstract_Template<\/a><\/span><\/p>\n<p><span style=\"font-family: arial, helvetica, sans-serif; font-size: 14pt;\">Slu\u017ebeni jezici Konferencije su hrvatski i engleski. <\/span><\/p>\n<p><span style=\"font-family: arial, helvetica, sans-serif; font-size: 14pt;\">Sudionici koji izla\u017eu na hrvatskom jeziku trebaju pripremiti PowerPoint prezentacije na engleskom jeziku.<\/span><\/p>\n<p><span style=\"font-family: arial, helvetica, sans-serif; font-size: 14pt;\">Sa\u017eetci mogu imati vi\u0161e autora, a <span style=\"text-decoration: underline;\">obvezno je koautorstvo najmanje jednog nastavnika\/asistenta.<\/span><\/span><\/p>\n<p><span style=\"font-family: arial, helvetica, sans-serif; font-size: 14pt;\">Ime i prezime nastavnika\/asistenta treba biti posljednje u nizu popisa autora i ozna\u010deno zvjezdicom (*).<\/span><\/p>\n<p><span style=\"color: #ffffff; font-size: 14pt; font-family: arial, helvetica, sans-serif;\">.<\/span><\/p>\n<p><span style=\"font-size: 14pt; font-family: arial, helvetica, sans-serif;\"><strong>Posterska priop\u0107enja<\/strong><\/span><\/p>\n<p><span style=\"font-size: 14pt; font-family: arial, helvetica, sans-serif;\">Posterska priop\u0107enja mogu biti na pripremljena engleskom ili hrvatskom jeziku. <\/span><\/p>\n<p><span style=\"font-size: 14pt; font-family: arial, helvetica, sans-serif;\">Molimo autore da pripreme postere dimenzija <strong>100 cm visine i 70 cm<\/strong> <strong>\u0161irine<\/strong>. <\/span><\/p>\n<p><span style=\"font-size: 14pt; font-family: arial, helvetica, sans-serif;\">Materijale potrebne za postavljanje postera (\u0161kare, ljepljiva traka) osigurava Organizacijski odbor.\u00a0<\/span><\/p>\n<p><span style=\"font-size: 14pt; font-family: arial, helvetica, sans-serif;\">Svi posteri se izla\u017eu oba dana Konferencije. <\/span><\/p>\n<p><span style=\"font-size: 14pt; font-family: arial, helvetica, sans-serif;\">Autori samostalno pripremaju i tiskaju postere.<\/span><\/p>\n<p><span style=\"background-color: #ffffff; color: #ffffff; font-size: 14pt; font-family: arial, helvetica, sans-serif;\">.<\/span><\/p>\n<p><span style=\"font-family: arial, helvetica, sans-serif; font-size: 14pt;\"><strong>Prispjeli i prihva\u0107eni sa\u017eetci biti \u0107e dio Zbornika sa\u017eetaka 2. me\u0111unarodne studentske GREEN konferencije<\/strong>.\u00a0<\/span><\/p>\n<p><span style=\"color: #ffffff; font-size: 14pt; font-family: arial, helvetica, sans-serif;\">.<\/span><\/p>\n<p><span style=\"font-family: arial, helvetica, sans-serif; font-size: 14pt;\">Nakon Konferencije, autori prezentiranih radova se pozivaju da dostave i <strong>cjelovite radove<\/strong> za njihovu objavu u\u00a0 <strong>Zborniku radova 2. me\u0111unarodne studentske GREEN konferencije ili podupiru\u0107im \u010dasopisima.<\/strong><\/span><\/p>\n<p><span style=\"color: #ffffff; font-size: 14pt; font-family: arial, helvetica, sans-serif;\">.<\/span><\/p>\n<p><span style=\"font-family: arial, helvetica, sans-serif; text-decoration: underline; font-size: 14pt;\">**Usmena priop\u0107enja mogu prezentirati samo studenti preddiplomskih i diplomskih studija.<\/span><\/p>\n<p><span style=\"color: #ffffff;\">.<\/span><\/p>\n<p><span style=\"font-family: arial, helvetica, sans-serif; font-size: 14pt;\"><strong>SEKCIJE radova:<\/strong><\/span><br \/>\n<span style=\"font-family: arial, helvetica, sans-serif; font-size: 14pt;\">* Prirodne znanosti<\/span><br \/>\n<span style=\"font-family: arial, helvetica, sans-serif; font-size: 14pt;\">* Biomedicina i zdravstvo<\/span><br \/>\n<span style=\"font-family: arial, helvetica, sans-serif; font-size: 14pt;\">* Tehni\u010dke znanosti<\/span><br \/>\n<span style=\"font-family: arial, helvetica, sans-serif; font-size: 14pt;\">* Biotehni\u010dke znanosti<\/span><br \/>\n<span style=\"font-family: arial, helvetica, sans-serif; font-size: 14pt;\">* Dru\u0161tvene znanosti<\/span><br \/>\n<span style=\"font-family: arial, helvetica, sans-serif; font-size: 14pt;\">* Humanisti\u010dke znanosti<\/span><br \/>\n<span style=\"font-family: arial, helvetica, sans-serif; font-size: 14pt;\">* Interdisciplinarno<\/span><\/p>\n<p><span style=\"font-family: arial, helvetica, sans-serif; font-size: 14pt;\">Organizacijski odbor Konferencije zadr\u017eava pravo odluke o prihva\u0107anju i na\u010dinu prezentiranja prijavljenog rada (usmeno priop\u0107enje ili poster).<\/span><\/p>\n<p><span style=\"font-family: arial, helvetica, sans-serif; font-size: 14pt;\">\n<div class=\"wpcf7 no-js\" id=\"wpcf7-f561-o1\" lang=\"hr\" dir=\"ltr\" data-wpcf7-id=\"561\">\n<div class=\"screen-reader-response\"><p role=\"status\" aria-live=\"polite\" aria-atomic=\"true\"><\/p> <ul><\/ul><\/div>\n<form action=\"\/isc_green\/index.php\/wp-json\/wp\/v2\/pages\/432#wpcf7-f561-o1\" method=\"post\" class=\"wpcf7-form init\" aria-label=\"Kontakt obrazac\" enctype=\"multipart\/form-data\" novalidate=\"novalidate\" data-status=\"init\">\n<fieldset class=\"hidden-fields-container\"><input type=\"hidden\" name=\"_wpcf7\" value=\"561\" \/><input type=\"hidden\" name=\"_wpcf7_version\" value=\"6.1.3\" \/><input type=\"hidden\" name=\"_wpcf7_locale\" value=\"hr\" \/><input type=\"hidden\" name=\"_wpcf7_unit_tag\" value=\"wpcf7-f561-o1\" \/><input type=\"hidden\" name=\"_wpcf7_container_post\" value=\"0\" \/><input type=\"hidden\" name=\"_wpcf7_posted_data_hash\" value=\"\" \/>\n<\/fieldset>\n<p>Ime*\n<\/p>\n<p><span class=\"wpcf7-form-control-wrap\" data-name=\"your-name\"><input size=\"40\" maxlength=\"400\" class=\"wpcf7-form-control wpcf7-text wpcf7-validates-as-required\" aria-required=\"true\" aria-invalid=\"false\" value=\"\" type=\"text\" name=\"your-name\" \/><\/span>\n<\/p>\n<p>Prezime*\n<\/p>\n<p><span class=\"wpcf7-form-control-wrap\" data-name=\"your-surname\"><input size=\"40\" maxlength=\"400\" class=\"wpcf7-form-control wpcf7-text wpcf7-validates-as-required\" aria-required=\"true\" aria-invalid=\"false\" value=\"\" type=\"text\" name=\"your-surname\" \/><\/span>\n<\/p>\n<p>E-mail*\n<\/p>\n<p><span class=\"wpcf7-form-control-wrap\" data-name=\"your-email\"><input size=\"40\" maxlength=\"400\" class=\"wpcf7-form-control wpcf7-email wpcf7-validates-as-required wpcf7-text wpcf7-validates-as-email\" aria-required=\"true\" aria-invalid=\"false\" value=\"\" type=\"email\" name=\"your-email\" \/><\/span>\n<\/p>\n<p>Odaberite sekciju*:\n<\/p>\n<p><span class=\"wpcf7-form-control-wrap\" data-name=\"menu-274\"><select class=\"wpcf7-form-control wpcf7-select wpcf7-validates-as-required\" aria-required=\"true\" aria-invalid=\"false\" name=\"menu-274\"><option value=\"Prirodne znanosti\">Prirodne znanosti<\/option><option value=\"Biomedicina i zdravstvo\">Biomedicina i zdravstvo<\/option><option value=\"Tehni\u010dke znanosti\">Tehni\u010dke znanosti<\/option><option value=\"Biotehni\u010dke znanosti\">Biotehni\u010dke znanosti<\/option><option value=\"Dru\u0161tvene znanosti\">Dru\u0161tvene znanosti<\/option><option value=\"Humanisti\u010dke znanosti\">Humanisti\u010dke znanosti<\/option><option value=\"Interdisciplinarno\">Interdisciplinarno<\/option><\/select><\/span>\n<\/p>\n<p>Na\u010din prezentacije*:\n<\/p>\n<p><span class=\"wpcf7-form-control-wrap\" data-name=\"menu-929\"><select class=\"wpcf7-form-control wpcf7-select wpcf7-validates-as-required\" aria-required=\"true\" aria-invalid=\"false\" name=\"menu-929\"><option value=\"usmeno\">usmeno<\/option><option value=\"postersko priop\u0107enje\">postersko priop\u0107enje<\/option><\/select><\/span>\n<\/p>\n<p>U\u010ditajte dokument*\n<\/p>\n<p><span class=\"wpcf7-form-control-wrap\" data-name=\"file-921\"><input size=\"40\" class=\"wpcf7-form-control wpcf7-file wpcf7-validates-as-required\" accept=\"audio\/*,video\/*,image\/*\" aria-required=\"true\" aria-invalid=\"false\" type=\"file\" name=\"file-921\" \/><\/span>\n<\/p>\n<p>[recaptcha size:compact]\n<\/p>\n<p><input class=\"wpcf7-form-control wpcf7-submit has-spinner\" type=\"submit\" value=\"PO\u0160ALJI\" \/>\n<\/p><div class=\"wpcf7-response-output\" aria-hidden=\"true\"><\/div>\n<\/form>\n<\/div>\n<\/span><\/p>\n","protected":false},"excerpt":{"rendered":"<p>. Sa\u017eetak rada (do 200 rije\u010di) na hrvatskom i engleskom ili samo engleskom jeziku, uz naznaku vrste prezentacije. . ROK: 27.5.2022\u00a0 (produ\u017een rok). . Predlo\u0161ci za pisanje sa\u017eetka mogu se preuzeti ovdje: hrvatski: ISC_GREEN-2022_Abstract_Template HR ili engleski: ISC_GREEN-2022_Abstract_Template Slu\u017ebeni jezici Konferencije su hrvatski i engleski. Sudionici koji izla\u017eu na hrvatskom jeziku trebaju pripremiti PowerPoint prezentacije [&hellip;]<\/p>\n","protected":false},"author":1,"featured_media":0,"parent":0,"menu_order":0,"comment_status":"closed","ping_status":"closed","template":"","meta":{"_themeisle_gutenberg_block_has_review":false,"footnotes":""},"class_list":["post-432","page","type-page","status-publish","hentry"],"_links":{"self":[{"href":"http:\/\/www.ptfos.unios.hr\/isc_green\/index.php\/wp-json\/wp\/v2\/pages\/432","targetHints":{"allow":["GET"]}}],"collection":[{"href":"http:\/\/www.ptfos.unios.hr\/isc_green\/index.php\/wp-json\/wp\/v2\/pages"}],"about":[{"href":"http:\/\/www.ptfos.unios.hr\/isc_green\/index.php\/wp-json\/wp\/v2\/types\/page"}],"author":[{"embeddable":true,"href":"http:\/\/www.ptfos.unios.hr\/isc_green\/index.php\/wp-json\/wp\/v2\/users\/1"}],"replies":[{"embeddable":true,"href":"http:\/\/www.ptfos.unios.hr\/isc_green\/index.php\/wp-json\/wp\/v2\/comments?post=432"}],"version-history":[{"count":59,"href":"http:\/\/www.ptfos.unios.hr\/isc_green\/index.php\/wp-json\/wp\/v2\/pages\/432\/revisions"}],"predecessor-version":[{"id":1705,"href":"http:\/\/www.ptfos.unios.hr\/isc_green\/index.php\/wp-json\/wp\/v2\/pages\/432\/revisions\/1705"}],"wp:attachment":[{"href":"http:\/\/www.ptfos.unios.hr\/isc_green\/index.php\/wp-json\/wp\/v2\/media?parent=432"}],"curies":[{"name":"wp","href":"https:\/\/api.w.org\/{rel}","templated":true}]}}