{"id":422,"date":"2018-03-06T11:36:33","date_gmt":"2018-03-06T10:36:33","guid":{"rendered":"http:\/\/www.ptfos.unios.hr\/isc_green_en\/?page_id=422"},"modified":"2022-05-22T06:39:02","modified_gmt":"2022-05-22T04:39:02","slug":"koordinatori","status":"publish","type":"page","link":"http:\/\/www.ptfos.unios.hr\/isc_green_en\/index.php\/koordinatori\/","title":{"rendered":"Coordinators"},"content":{"rendered":"<p><span style=\"color: #ffffff;\">.<\/span><\/p>\n<p><span style=\"font-family: arial, helvetica, sans-serif; font-size: 14pt;\"><strong>Josip Juraj Strossmayer University of Osijek<br \/>\n<\/strong>Mirna Habuda-Stani\u0107<br \/>\n<span class=\"qu\" tabindex=\"-1\" role=\"gridcell\" translate=\"no\"><span class=\"gD\" data-hovercard-id=\"bpopovic@fazos.hr\" data-hovercard-owner-id=\"117\">habudastanic@gmail.com<\/span><\/span><strong><br \/>\n<\/strong><\/span><\/p>\n<p><strong><span style=\"font-family: arial, helvetica, sans-serif; font-size: 14pt;\">Faculty of Agrobiotechnical Sciences Osijek<\/span><\/strong><br \/>\n<span style=\"font-family: arial, helvetica, sans-serif; font-size: 14pt;\">Brigita Popovi\u0107<strong><br \/>\n<\/strong><span class=\"qu\" tabindex=\"-1\" role=\"gridcell\" translate=\"no\"><span class=\"gD\" data-hovercard-id=\"bpopovic@fazos.hr\" data-hovercard-owner-id=\"117\">bpopovic@fazos.hr<\/span><\/span><\/span><\/p>\n<p><span style=\"font-size: 14pt; font-family: arial, helvetica, sans-serif;\"><strong>Faculty of Civil Engineering Osijek<\/strong><\/span><br \/>\n<span style=\"font-family: arial, helvetica, sans-serif; font-size: 14pt;\">Damir Varevac<\/span><br \/>\n<span style=\"font-family: arial, helvetica, sans-serif; font-size: 14pt;\">dvarevac@gfos.hr<\/span><\/p>\n<p><span style=\"font-size: 14pt; font-family: arial, helvetica, sans-serif;\"><strong>Faculty of Economics in Osijek<\/strong><\/span><br \/>\n<span style=\"font-family: arial, helvetica, sans-serif; font-size: 14pt;\">Ivan Keli\u0107<br \/>\nivan.kelic@efos.hr<\/span><\/p>\n<p><span style=\"font-size: 14pt; font-family: arial, helvetica, sans-serif;\"><strong>Faculty of Dental Medicine and Health Osijek<\/strong><\/span><br \/>\n<span style=\"font-family: arial, helvetica, sans-serif; font-size: 14pt;\">Martina Smoli\u0107<\/span><br \/>\n<span style=\"font-family: arial, helvetica, sans-serif; font-size: 14pt;\">martina.smolic@fdmz.hr <\/span><\/p>\n<p><span style=\"font-family: arial, helvetica, sans-serif; font-size: 14pt;\"><strong>Faculty of Electrical Engineering, Computer Science and Information Technology Osijek<\/strong><\/span><br \/>\n<span style=\"font-family: arial, helvetica, sans-serif; font-size: 14pt;\">\u017deljka Miokovi\u0107<\/span><br \/>\n<span style=\"font-family: arial, helvetica, sans-serif; font-size: 14pt;\">zeljka.miokovic@ferit.hr<\/span><\/p>\n<p><span style=\"font-size: 14pt; font-family: arial, helvetica, sans-serif;\"><strong>Faculty of Teacher Education in Osijek<\/strong><\/span><br \/>\n<span style=\"font-family: arial, helvetica, sans-serif; font-size: 14pt;\">Irella Bogut<\/span><br \/>\n<span style=\"font-family: arial, helvetica, sans-serif; font-size: 14pt;\">ibogut@foozos.hr<\/span><\/p>\n<p><span style=\"font-family: arial, helvetica, sans-serif; font-size: 14pt;\"><strong>Faculty of Humanities and Social Sciences Osijek<\/strong><\/span><br \/>\n<span style=\"font-family: arial, helvetica, sans-serif; font-size: 14pt;\">Hrvoje Lepedu\u0161<\/span><br \/>\n<span style=\"font-family: arial, helvetica, sans-serif; font-size: 14pt;\">hlepedus@yahoo.com<\/span><\/p>\n<p><span style=\"font-size: 14pt; font-family: arial, helvetica, sans-serif;\"><strong>Catholic Faculty of Theology in \u0110akovo<\/strong><\/span><br \/>\n<span style=\"font-family: arial, helvetica, sans-serif; font-size: 14pt;\">Suzana Vuleti\u0107<\/span><br \/>\n<span style=\"font-family: arial, helvetica, sans-serif; font-size: 14pt;\">suzanavuletic007@gmail.com<\/span><\/p>\n<p><span style=\"font-size: 14pt; font-family: arial, helvetica, sans-serif;\"><strong>Faculty of Medicine Osijek<\/strong><\/span><br \/>\n<span style=\"font-size: 14pt; font-family: arial, helvetica, sans-serif;\">Ana Stupin<\/span><br \/>\n<span style=\"font-size: 14pt; font-family: arial, helvetica, sans-serif;\">ana.stupin@mefos.hr<\/span><\/p>\n<p><span style=\"font-size: 14pt; font-family: arial, helvetica, sans-serif;\"><strong>Faculty of Law Osijek<\/strong><\/span><br \/>\n<span style=\"font-size: 14pt; font-family: arial, helvetica, sans-serif;\">Ana \u0110ani\u0107 \u010ceko<\/span><br \/>\n<span style=\"font-size: 14pt; font-family: arial, helvetica, sans-serif;\">adjanic@pravos.hr<\/span><\/p>\n<p><span style=\"font-size: 14pt; font-family: arial, helvetica, sans-serif;\"><strong>Faculty of Food Technology Osijek<\/strong><\/span><br \/>\n<span style=\"font-family: arial, helvetica, sans-serif; font-size: 14pt;\">Mirna Habuda-Stani\u0107<\/span><br \/>\n<span style=\"font-family: arial, helvetica, sans-serif; font-size: 14pt;\"><span class=\"qu\" tabindex=\"-1\" role=\"gridcell\" translate=\"no\"><span class=\"gD\" data-hovercard-id=\"bpopovic@fazos.hr\" data-hovercard-owner-id=\"117\">habudastanic@gmail.com<\/span><\/span><\/span><\/p>\n<p><span style=\"font-size: 14pt; font-family: arial, helvetica, sans-serif;\"><strong>Academy of Arts and Culture in Osijek<\/strong><\/span><br \/>\n<span style=\"font-family: arial, helvetica, sans-serif; font-size: 14pt;\">Sa\u0161a Do\u0161en<\/span><br \/>\n<span style=\"font-family: arial, helvetica, sans-serif; font-size: 14pt;\">saadosen@gmail.com<\/span><\/p>\n<p><span style=\"font-size: 14pt; font-family: arial, helvetica, sans-serif;\"><strong>Josip Juraj Strossmayer University of Osijek Department of Biology<\/strong><\/span><br \/>\n<span style=\"font-family: arial, helvetica, sans-serif; font-size: 14pt;\">Anita Galir Balki\u0107<br \/>\nagalir@biologija.unios.hr<\/span><\/p>\n<p><span style=\"font-size: 14pt; font-family: arial, helvetica, sans-serif;\"><strong>Josip Juraj Strossmayer University of Osijek Physics Department<\/strong><\/span><br \/>\n<span style=\"font-family: arial, helvetica, sans-serif; font-size: 14pt;\">Marina Poje Sovilj<\/span><br \/>\n<span style=\"font-family: arial, helvetica, sans-serif; font-size: 14pt;\">mpoje@fizika.unios.hr<\/span><\/p>\n<p><span style=\"font-size: 14pt; font-family: arial, helvetica, sans-serif;\"><strong>Josip Juraj Strossmayer University of Osijek Department of Chemistry<\/strong><\/span><br \/>\n<span style=\"font-family: arial, helvetica, sans-serif; font-size: 14pt;\">Martina \u0160rajer Gajdo\u0161ik.<\/span><br \/>\n<span style=\"font-family: arial, helvetica, sans-serif; font-size: 14pt;\">msgajdosik@kemija.unios.hr<\/span><\/p>\n<p><span style=\"font-size: 14pt; font-family: arial, helvetica, sans-serif;\"><strong>Josip Juraj Strossmayer University of Osijek Department of Mathematics<\/strong><\/span><br \/>\n<span style=\"font-family: arial, helvetica, sans-serif; font-size: 14pt;\">Snje\u017eana Majstorovi\u0107<\/span><br \/>\n<span style=\"font-family: arial, helvetica, sans-serif; font-size: 14pt;\">smajstor@mathos.hr<\/span><\/p>\n<p><span style=\"font-size: 14pt; font-family: arial, helvetica, sans-serif;\"><strong>International Federation of Environmental Health<\/strong><\/span><br \/>\n<span style=\"font-family: arial, helvetica, sans-serif; font-size: 14pt;\">Bruno Cvetkovi\u0107<\/span><br \/>\n<span style=\"font-family: arial, helvetica, sans-serif; font-size: 14pt;\">bruno.cvetkovic@gmail.com<\/span><\/p>\n<p><span style=\"font-size: 14pt; font-family: arial, helvetica, sans-serif;\"><strong>University North<\/strong><\/span><br \/>\n<span style=\"font-size: 14pt; font-family: arial, helvetica, sans-serif;\">Lovorka Gotal Dmitrovi\u0107<\/span><br \/>\n<span class=\"gI\" style=\"font-size: 14pt; font-family: arial, helvetica, sans-serif;\"><span class=\"qu\" tabindex=\"-1\" role=\"gridcell\" translate=\"no\"><span class=\"go\">lgotaldmitrovic@unin.hr<\/span><\/span><\/span><\/p>\n<p><span style=\"font-size: 14pt; font-family: arial, helvetica, sans-serif;\"><strong>University of Slavonski Brod<br \/>\n<\/strong>Mirna Habuda-Stani\u0107<br \/>\n<span class=\"qu\" tabindex=\"-1\" role=\"gridcell\" translate=\"no\"><span class=\"gD\" data-hovercard-id=\"bpopovic@fazos.hr\" data-hovercard-owner-id=\"117\">habudastanic@gmail.com<\/span><\/span>\u00a0<\/span><\/p>\n<p><span style=\"font-size: 14pt; font-family: arial, helvetica, sans-serif;\"><strong>University of Biha\u0107<\/strong><\/span><br \/>\n<span style=\"font-family: arial, helvetica, sans-serif; font-size: 14pt;\">Jasmina Ibrahimpa\u0161i\u0107<\/span><br \/>\n<span style=\"font-family: arial, helvetica, sans-serif; font-size: 14pt;\">jasmina.ipasic@gmail.com<\/span><\/p>\n<p><span style=\"font-size: 14pt; font-family: arial, helvetica, sans-serif;\"><strong>University of Tuzla<\/strong><\/span><br \/>\n<span style=\"font-family: arial, helvetica, sans-serif; font-size: 14pt;\">Sabina Begi\u0107<\/span><br \/>\n<span style=\"font-family: arial, helvetica, sans-serif; font-size: 14pt;\">sabina.begic@untz.ba\u00a0<\/span><\/p>\n<p><span style=\"font-size: 14pt; font-family: arial, helvetica, sans-serif;\"><strong>University of Mostar Faculty of Agriculture and Food Technology<\/strong><\/span><br \/>\n<span style=\"font-size: 14pt; font-family: arial, helvetica, sans-serif;\">Anita Lali\u0107<\/span><br \/>\n<span style=\"font-size: 14pt; font-family: arial, helvetica, sans-serif;\">anita.juric@aptf.sum.ba<\/span><\/p>\n<p><span style=\"font-size: 14pt; font-family: arial, helvetica, sans-serif;\"><strong>University of Zagreb Faculty of Chemical Engineering and Technology<\/strong><\/span><br \/>\n<span style=\"font-size: 14pt; font-family: arial, helvetica, sans-serif;\"><span class=\"gI\"><span class=\"qu\" tabindex=\"-1\" role=\"gridcell\" translate=\"no\"><span class=\"gD\" data-hovercard-id=\"mvukovic@fkit.hr\" data-hovercard-owner-id=\"117\">Marija Vukovi\u0107 Domanovac<\/span><\/span><\/span><\/span><br \/>\n<span class=\"wHYlTd z8gr9e\" style=\"font-size: 14pt; font-family: arial, helvetica, sans-serif;\">mvukovic@fkit.hr<\/span><\/p>\n<p><span style=\"font-size: 14pt; font-family: arial, helvetica, sans-serif;\"><strong>Faculty of Mechanical Engineering and Naval Architecture<\/strong><\/span><br \/>\n<span style=\"font-size: 14pt; font-family: arial, helvetica, sans-serif;\">Kre\u0161imir Grilec<\/span><br \/>\n<span style=\"font-size: 14pt; font-family: arial, helvetica, sans-serif;\">k<span class=\"gI\">resimir.grilec@fsb.hr<\/span><\/span><\/p>\n<p><span style=\"font-size: 14pt; font-family: arial, helvetica, sans-serif;\"><strong>Faculty of Health Studies University of Sarajevo <\/strong><\/span><br \/>\n<span style=\"font-family: arial, helvetica, sans-serif; font-size: 14pt;\">Arzija Pa\u0161ali\u0107<\/span><br \/>\n<span style=\"font-family: arial, helvetica, sans-serif; font-size: 14pt;\">arzijapasalic@gmail.com<\/span><\/p>\n<p><span style=\"font-size: 14pt; font-family: arial, helvetica, sans-serif;\"><strong>University of Zagreb Faculty of Geotehnical Engineering<\/strong><\/span><br \/>\n<span style=\"font-family: arial, helvetica, sans-serif; font-size: 14pt;\">Nikola Saka\u010d<\/span><br \/>\n<span style=\"font-family: arial, helvetica, sans-serif; font-size: 14pt;\">nikola.sakac@gmail.com\u00a0<\/span><\/p>\n<p><span style=\"font-size: 14pt; font-family: arial, helvetica, sans-serif;\"><strong>Faculty of Chemistry and Technology University of Split<\/strong><\/span><br \/>\n<span style=\"font-family: arial, helvetica, sans-serif; font-size: 14pt;\">Ante Prki\u0107<\/span><br \/>\n<span style=\"font-family: arial, helvetica, sans-serif; font-size: 14pt;\">ante.prkic@ktf-split.hr<\/span><\/p>\n<p><span style=\"font-size: 14pt; font-family: arial, helvetica, sans-serif;\"><strong>Faculty of Medicine of the University of Rijeka<\/strong><\/span><br \/>\n<span style=\"font-family: arial, helvetica, sans-serif; font-size: 14pt;\">Marina \u0160anti\u0107<\/span><br \/>\n<span style=\"font-family: arial, helvetica, sans-serif; font-size: 14pt;\">marina.santic@medri.uniri.hr<\/span><\/p>\n<p><span style=\"font-size: 14pt; font-family: arial, helvetica, sans-serif;\"><strong>Faculty of Technology University of Tuzla<\/strong><\/span><br \/>\n<span style=\"font-family: arial, helvetica, sans-serif; font-size: 14pt;\">Sabina Begi\u0107<\/span><br \/>\n<span style=\"font-family: arial, helvetica, sans-serif; font-size: 14pt;\">nir.tf@untz.ba<\/span><\/p>\n<p><span style=\"font-size: 14pt; font-family: arial, helvetica, sans-serif;\"><strong>Faculty of Food Technology and Biotechnology<\/strong><\/span><br \/>\n<span style=\"font-family: arial, helvetica, sans-serif; font-size: 14pt;\">Ana Vukeli\u0107<\/span><br \/>\n<span style=\"font-family: arial, helvetica, sans-serif; font-size: 14pt;\">a<span class=\"gI\"><span class=\"qu\" tabindex=\"-1\" role=\"gridcell\" translate=\"no\"><span class=\"go\">vukelic@pbf.hr<\/span><\/span><\/span><\/span><\/p>\n<p><span style=\"font-size: 14pt; font-family: arial, helvetica, sans-serif;\"><strong>Faculty of Technology and Metallurgy in Skopje<\/strong><\/span><br \/>\n<span style=\"font-family: arial, helvetica, sans-serif; font-size: 14pt;\">Iva Dimitrievska<span lang=\"MK\">,<\/span>\u00a0M.Sc.<\/span><br \/>\n<span style=\"font-family: arial, helvetica, sans-serif; font-size: 14pt;\">iva@tmf.ukim.edu.mk<\/span><\/p>\n<p><span style=\"font-size: 14pt; font-family: arial, helvetica, sans-serif;\"><strong>Department of Ecology, Agronomy and Aquaculture University of Zadar<\/strong><\/span><br \/>\n<span style=\"font-family: arial, helvetica, sans-serif; font-size: 14pt;\">Jelena Lon\u010dar<\/span><br \/>\n<span style=\"font-family: arial, helvetica, sans-serif; font-size: 14pt;\">jloncar@unizd.hr<\/span><\/p>\n<p><span style=\"font-size: 14pt; font-family: arial, helvetica, sans-serif;\"><strong>College of Applied Sciences \u201cLavoslav Ru\u017ei\u010dka\u201d in Vukovar<\/strong><\/span><br \/>\n<span style=\"font-family: arial, helvetica, sans-serif; font-size: 14pt;\">Sanja Gongeta<\/span><br \/>\n<span style=\"font-family: arial, helvetica, sans-serif; font-size: 14pt;\">sanja.gongeta@vevu.hr<\/span><\/p>\n<p><span style=\"font-family: arial, helvetica, sans-serif; font-size: 14pt;\"><strong>University of Applied Sciences Velika Gorica\u00a0<\/strong><br \/>\nSanja Kalambura<br \/>\n<\/span><span style=\"font-family: arial, helvetica, sans-serif; font-size: 14pt;\">sanja.kalambura@vvg.hr <\/span><\/p>\n<p><span style=\"font-size: 14pt; font-family: arial, helvetica, sans-serif;\"><strong>University of Applied Health Sciences<\/strong><\/span><br \/>\n<span style=\"font-family: arial, helvetica, sans-serif; font-size: 14pt;\">Ana Mojsovi\u0107 \u0106ui\u0107<\/span><br \/>\n<span style=\"font-family: arial, helvetica, sans-serif; font-size: 14pt;\">ana.mojsovic-cuic@zvu.hr<\/span><\/p>\n<p><span style=\"font-size: 14pt; font-family: arial, helvetica, sans-serif;\"><strong>Kopa\u010dki rit Nature Park<\/strong><\/span><br \/>\n<span style=\"font-family: arial, helvetica, sans-serif; font-size: 14pt;\">Ivo Ba\u0161i\u0107<\/span><br \/>\n<span style=\"font-family: arial, helvetica, sans-serif; font-size: 14pt;\">uprava@pp-kopacki-rit.hr<\/span><\/p>\n","protected":false},"excerpt":{"rendered":"<p>. Josip Juraj Strossmayer University of Osijek Mirna Habuda-Stani\u0107 habudastanic@gmail.com Faculty of Agrobiotechnical Sciences Osijek Brigita Popovi\u0107 bpopovic@fazos.hr Faculty of Civil Engineering Osijek Damir Varevac dvarevac@gfos.hr Faculty of Economics in Osijek Ivan Keli\u0107 ivan.kelic@efos.hr Faculty of Dental Medicine and Health Osijek Martina Smoli\u0107 martina.smolic@fdmz.hr Faculty of Electrical Engineering, Computer Science and Information Technology Osijek \u017deljka [&hellip;]<\/p>\n","protected":false},"author":1,"featured_media":0,"parent":0,"menu_order":0,"comment_status":"closed","ping_status":"closed","template":"","meta":{"footnotes":""},"class_list":["post-422","page","type-page","status-publish","hentry"],"_links":{"self":[{"href":"http:\/\/www.ptfos.unios.hr\/isc_green_en\/index.php\/wp-json\/wp\/v2\/pages\/422","targetHints":{"allow":["GET"]}}],"collection":[{"href":"http:\/\/www.ptfos.unios.hr\/isc_green_en\/index.php\/wp-json\/wp\/v2\/pages"}],"about":[{"href":"http:\/\/www.ptfos.unios.hr\/isc_green_en\/index.php\/wp-json\/wp\/v2\/types\/page"}],"author":[{"embeddable":true,"href":"http:\/\/www.ptfos.unios.hr\/isc_green_en\/index.php\/wp-json\/wp\/v2\/users\/1"}],"replies":[{"embeddable":true,"href":"http:\/\/www.ptfos.unios.hr\/isc_green_en\/index.php\/wp-json\/wp\/v2\/comments?post=422"}],"version-history":[{"count":62,"href":"http:\/\/www.ptfos.unios.hr\/isc_green_en\/index.php\/wp-json\/wp\/v2\/pages\/422\/revisions"}],"predecessor-version":[{"id":1372,"href":"http:\/\/www.ptfos.unios.hr\/isc_green_en\/index.php\/wp-json\/wp\/v2\/pages\/422\/revisions\/1372"}],"wp:attachment":[{"href":"http:\/\/www.ptfos.unios.hr\/isc_green_en\/index.php\/wp-json\/wp\/v2\/media?parent=422"}],"curies":[{"name":"wp","href":"https:\/\/api.w.org\/{rel}","templated":true}]}}