{"id":31,"date":"2025-02-10T08:12:44","date_gmt":"2025-02-10T08:12:44","guid":{"rendered":"https:\/\/www.ptfos.unios.hr\/Active_Foil\/?page_id=31"},"modified":"2025-02-10T09:15:23","modified_gmt":"2025-02-10T09:15:23","slug":"o-projektu","status":"publish","type":"page","link":"https:\/\/www.ptfos.unios.hr\/Active_Foil\/index.php\/o-projektu\/","title":{"rendered":"O projektu"},"content":{"rendered":"\n<p><\/p>\n\n\n\n<p><strong>Sa\u017eetak:<\/strong> Projekt adresira nova rje\u0161enja u za\u0161titi okoli\u0161a i o\u010duvanju namirnica kroz istra\u017eivanje i razvoj inovativne jestive i biorazgradive te aktivne ambala\u017ee. Kroz primijenjeno istra\u017eivanje i izradu prototipa niske razine potvrdit \u0107e se inovativni koncept jestive i biorazgradive aktivne folije s prirodnim polifenolima kao aktivnim komponentama temeljene na najnovijim rezultatima istra\u017eivanja i tehnolo\u0161kog razvoja.<\/p>\n\n\n\n<p><strong>Cilj<\/strong>: Unaprijediti kapacitet Prehrambeno-tehnolo\u0161kog fakulteta Osijek za istra\u017eivanje, razvoj i inovacije kroz pobolj\u0161anu tr\u017ei\u0161nu spremnost jestive i biorazgradive, aktivne folije.<\/p>\n\n\n\n<p><\/p>\n","protected":false},"excerpt":{"rendered":"<p>Sa\u017eetak: Projekt adresira nova rje\u0161enja u za\u0161titi okoli\u0161a i o\u010duvanju namirnica kroz istra\u017eivanje i razvoj inovativne jestive i biorazgradive te aktivne ambala\u017ee. Kroz primijenjeno istra\u017eivanje i izradu prototipa niske razine potvrdit \u0107e se inovativni koncept jestive i biorazgradive aktivne folije s prirodnim polifenolima kao aktivnim komponentama temeljene na najnovijim rezultatima istra\u017eivanja i tehnolo\u0161kog razvoja. Cilj: &#8230; <a title=\"O projektu\" class=\"read-more\" href=\"https:\/\/www.ptfos.unios.hr\/Active_Foil\/index.php\/o-projektu\/\" aria-label=\"Read more about O projektu\">Read more<\/a><\/p>\n","protected":false},"author":1,"featured_media":0,"parent":0,"menu_order":0,"comment_status":"closed","ping_status":"closed","template":"","meta":{"footnotes":""},"class_list":["post-31","page","type-page","status-publish"],"_links":{"self":[{"href":"https:\/\/www.ptfos.unios.hr\/Active_Foil\/index.php\/wp-json\/wp\/v2\/pages\/31","targetHints":{"allow":["GET"]}}],"collection":[{"href":"https:\/\/www.ptfos.unios.hr\/Active_Foil\/index.php\/wp-json\/wp\/v2\/pages"}],"about":[{"href":"https:\/\/www.ptfos.unios.hr\/Active_Foil\/index.php\/wp-json\/wp\/v2\/types\/page"}],"author":[{"embeddable":true,"href":"https:\/\/www.ptfos.unios.hr\/Active_Foil\/index.php\/wp-json\/wp\/v2\/users\/1"}],"replies":[{"embeddable":true,"href":"https:\/\/www.ptfos.unios.hr\/Active_Foil\/index.php\/wp-json\/wp\/v2\/comments?post=31"}],"version-history":[{"count":1,"href":"https:\/\/www.ptfos.unios.hr\/Active_Foil\/index.php\/wp-json\/wp\/v2\/pages\/31\/revisions"}],"predecessor-version":[{"id":33,"href":"https:\/\/www.ptfos.unios.hr\/Active_Foil\/index.php\/wp-json\/wp\/v2\/pages\/31\/revisions\/33"}],"wp:attachment":[{"href":"https:\/\/www.ptfos.unios.hr\/Active_Foil\/index.php\/wp-json\/wp\/v2\/media?parent=31"}],"curies":[{"name":"wp","href":"https:\/\/api.w.org\/{rel}","templated":true}]}}