{"id":2163,"date":"2021-03-25T23:07:59","date_gmt":"2021-03-25T22:07:59","guid":{"rendered":"http:\/\/www.ptfos.unios.hr\/ImoLipWaste\/?page_id=2163"},"modified":"2021-09-09T13:26:30","modified_gmt":"2021-09-09T11:26:30","slug":"o-projektu","status":"publish","type":"page","link":"https:\/\/www.ptfos.unios.hr\/ImoLipWaste\/?page_id=2163","title":{"rendered":"O projektu"},"content":{"rendered":"<p><div class=\"fusion-fullwidth fullwidth-box fusion-builder-row-1 fusion-flex-container fusion-parallax-none nonhundred-percent-fullwidth non-hundred-percent-height-scrolling\" style=\"--awb-background-position:center top;--awb-background-repeat:repeat;--awb-border-radius-top-left:0px;--awb-border-radius-top-right:0px;--awb-border-radius-bottom-right:0px;--awb-border-radius-bottom-left:0px;--awb-padding-top:30px;--awb-background-color:rgba(255,255,255,0);--awb-background-image:url(&quot;http:\/\/www.ptfos.unios.hr\/ImoLipWaste\/wp-content\/uploads\/2021\/04\/broken-eggs-1711144_1920.jpg&quot;);--awb-flex-wrap:wrap;\" ><div class=\"fusion-builder-row fusion-row fusion-flex-align-items-flex-start fusion-flex-align-content-center fusion-flex-justify-content-space-around fusion-flex-content-wrap\" style=\"max-width:1300px;margin-left: calc(-4% \/ 2 );margin-right: calc(-4% \/ 2 );\"><div class=\"fusion-layout-column fusion_builder_column fusion-builder-column-0 fusion_builder_column_1_2 1_2 fusion-flex-column fusion-animated\" style=\"--awb-bg-size:cover;--awb-width-large:50%;--awb-margin-top-large:0px;--awb-spacing-right-large:3.84%;--awb-margin-bottom-large:20px;--awb-spacing-left-large:3.84%;--awb-width-medium:50%;--awb-order-medium:0;--awb-spacing-right-medium:3.84%;--awb-spacing-left-medium:3.84%;--awb-width-small:100%;--awb-order-small:0;--awb-spacing-right-small:1.92%;--awb-spacing-left-small:1.92%;\" data-animationType=\"slideInDown\" data-animationDuration=\"1.5\" data-animationOffset=\"top-into-view\"><div class=\"fusion-column-wrapper fusion-column-has-shadow fusion-flex-justify-content-center fusion-content-layout-column\"><div class=\"fusion-flip-boxes flip-boxes row fusion-columns-2 flip-effect-3d equal-heights my-flip-box\" id=\"my_flip\"><div class=\"fusion-flip-box-wrapper fusion-column col-lg-6 col-md-6 col-sm-6\"><div class=\"fusion-flip-box flip-right\" tabindex=\"0\"><div class=\"flip-box-inner-wrapper\"><div class=\"flip-box-front\" style=\"--awb-border-radius:15px;--awb-background-color-front:#705238;--awb-title-front-color:#ffffff;\"><div class=\"flip-box-front-inner\"><h2 class=\"flip-box-heading without-text\">Naziv projekta<\/h2><\/div><\/div><div class=\"flip-box-back\" style=\"--awb-border-radius:15px;--awb-background-color-back:#22ad22;\"><div class=\"flip-box-back-inner\">\n<p><span style=\"font-size: 12pt;\">Imobilizacija lipaza na funkcionalizirane nosa\u010de na bazi odabranih otpada iz poljoprivredno-prehrambene industrije<\/span><\/p>\n<\/div><\/div><\/div><\/div><\/div><div class=\"fusion-flip-box-wrapper fusion-column col-lg-6 col-md-6 col-sm-6\"><div class=\"fusion-flip-box flip-right\" tabindex=\"0\"><div class=\"flip-box-inner-wrapper\"><div class=\"flip-box-front\" style=\"--awb-border-radius:15px;--awb-background-color-front:#705238;--awb-title-front-color:#ffffff;\"><div class=\"flip-box-front-inner\"><h2 class=\"flip-box-heading without-text\">Akronim projekta<\/h2><\/div><\/div><div class=\"flip-box-back\" style=\"--awb-border-radius:15px;--awb-background-color-back:#22ad22;\"><div class=\"flip-box-back-inner\">\n<p>ImoLipWaste<\/p>\n<\/div><\/div><\/div><\/div><\/div><\/div><\/div><\/div><\/div><\/div><div class=\"fusion-fullwidth fullwidth-box fusion-builder-row-2 fusion-flex-container nonhundred-percent-fullwidth non-hundred-percent-height-scrolling\" style=\"--awb-border-radius-top-left:0px;--awb-border-radius-top-right:0px;--awb-border-radius-bottom-right:0px;--awb-border-radius-bottom-left:0px;--awb-padding-top:120px;--awb-padding-bottom:120px;--awb-background-color:#f8f8f8;--awb-flex-wrap:wrap;\" ><div class=\"fusion-builder-row fusion-row fusion-flex-align-items-center fusion-flex-content-wrap\" style=\"max-width:1300px;margin-left: calc(-4% \/ 2 );margin-right: calc(-4% \/ 2 );\"><div class=\"fusion-layout-column fusion_builder_column fusion-builder-column-1 fusion_builder_column_2_3 2_3 fusion-flex-column fusion-animated\" style=\"--awb-bg-size:cover;--awb-width-large:66.666666666667%;--awb-margin-top-large:0px;--awb-spacing-right-large:2.88%;--awb-margin-bottom-large:0px;--awb-spacing-left-large:2.88%;--awb-width-medium:66.666666666667%;--awb-order-medium:1;--awb-spacing-right-medium:4.32%;--awb-spacing-left-medium:4.32%;--awb-width-small:100%;--awb-order-small:0;--awb-spacing-right-small:1.92%;--awb-margin-bottom-small:6%;--awb-spacing-left-small:1.92%;\" data-animationType=\"slideInLeft\" data-animationDuration=\"1.5\" data-animationOffset=\"top-into-view\"><div class=\"fusion-column-wrapper fusion-column-has-shadow fusion-flex-justify-content-center fusion-content-layout-column\"><div class=\"fusion-title title fusion-title-1 fusion-sep-none fusion-title-text fusion-title-size-two\" style=\"--awb-text-color:#705238;\"><h2 class=\"fusion-title-heading title-heading-left fusion-responsive-typography-calculated\" style=\"margin:0;--fontSize:40;line-height:1.2;\">Sa\u017eetak projekta<\/h2><\/div><div class=\"fusion-separator\" style=\"align-self: flex-start;margin-right:auto;margin-bottom:30px;width:100%;max-width:100px;\"><div class=\"fusion-separator-border sep-single sep-solid\" style=\"--awb-height:20px;--awb-amount:20px;--awb-sep-color:#22ad22;border-color:#22ad22;border-top-width:2px;\"><\/div><\/div><div class=\"fusion-text fusion-text-1\"><p style=\"text-align: justify;\">Jedan od glavnih izazova odr\u017eivog gospodarenja otpadom poljoprivredno-prehrambene industrije je primjena strategije kru\u017enog gospodarenja po \u201ezero-waste\u201c modelu uz razvoj inovativnih tehnika transformacije otpada u koje se svakako mo\u017ee ubrojiti transformacija u nosa\u010de pogodne za imobilizaciju enzima. Zamjenom kemijskih katalizatora imobiliziranim enzimima mogu\u0107e je rije\u0161iti otvorena pitanja energetske u\u010dinkovitosti i ekolo\u0161ke prihvatljivosti, dok ekonomska isplativost procesa ovisi o cijeni imobiliziranih enzima. Mogu li se transformacijom otpada dobiti cjenovno prihvatljivi nosa\u010di koji \u0107e poslu\u017eiti za imobilizaciju lipaza kako bi se razvile imobilizirane lipaze visoko-po\u017eeljnih svojstava koje bi se dugoro\u010dno mogle primijeniti u biokataliti\u010dkoj proizvodnji je pitanje na koje se ovim istra\u017eiva\u010dkim projektom \u017eeli dobiti odgovor. U tu svrhu prvo \u0107e se provesti priprema nosa\u010da na bazi odabranog otpada: ljuske jaja, taloga kave i ljuske crvenog luka, kako bi se dobili nosa\u010di po\u017eeljnih operativnih svojstava i visokog kapaciteta imobilizacije. Nakon toga uslijedit \u0107e imobilizacija lipaza iz <em>Pseudomonas fluorescens<\/em> i <em>Burkholderia cepacia<\/em> razli\u010ditim tehnikama imobilizacije, a sve u svrhu dobivanja imobiliziranih lipaza najpo\u017eeljnijih svojstava i visokog potencijala za primjenu u biokataliti\u010dkim procesima. Odre\u0111ivanje klju\u010dnih biokemijskih i operativnih svojstava slobodnih i imobiliziranih lipaza poslu\u017eit \u0107e kao kriteriji odabira najuspje\u0161nijih, \u010dija \u0107e se operativna funkcionalnost provjeriti u reakcijama hidrolize, acidolize i transesterifikacije. Tehno-ekonomska analiza simulacije u industrijskom mjerilu i analiza \u017eivotnog ciklusa dat \u0107e krajnji odgovor koje \u0107e od imobiliziranih lipaza biti dugoro\u010dno najisplativije i ekolo\u0161ki najprihvatljivije.<\/p>\n<\/div><div ><a class=\"fusion-button button-flat fusion-button-default-size button-default fusion-button-default button-1 fusion-button-default-span fusion-button-default-type\" target=\"_self\" href=\"http:\/\/www.ptfos.unios.hr\/ImoLipWaste\/?page_id=13\"><span class=\"fusion-button-text\">Novosti<\/span><\/a><\/div><\/div><\/div><div class=\"fusion-layout-column fusion_builder_column fusion-builder-column-2 fusion_builder_column_1_4 1_4 fusion-flex-column fusion-animated\" style=\"--awb-bg-size:cover;--awb-width-large:25%;--awb-margin-top-large:0px;--awb-spacing-right-large:7.68%;--awb-margin-bottom-large:20px;--awb-spacing-left-large:7.68%;--awb-width-medium:25%;--awb-order-medium:0;--awb-spacing-right-medium:7.68%;--awb-spacing-left-medium:7.68%;--awb-width-small:100%;--awb-order-small:0;--awb-spacing-right-small:1.92%;--awb-spacing-left-small:1.92%;\" data-animationType=\"slideInRight\" data-animationDuration=\"1.5\" data-animationOffset=\"top-into-view\"><div class=\"fusion-column-wrapper fusion-column-has-shadow fusion-flex-justify-content-center fusion-content-layout-column\"><div class=\"fusion-flip-boxes flip-boxes row fusion-columns-1 flip-effect-3d equal-heights my-flip-box\"><div class=\"fusion-flip-box-wrapper fusion-column col-lg-12 col-md-12 col-sm-12\"><div class=\"fusion-flip-box flip-right\" tabindex=\"0\"><div class=\"flip-box-inner-wrapper\"><div class=\"flip-box-front\" style=\"--awb-border-radius:15px;--awb-background-color-front:#705238;--awb-title-front-color:#ffffff;\"><div class=\"flip-box-front-inner\"><h2 class=\"flip-box-heading without-text\">\u0160ifra projekta<\/h2><\/div><\/div><div class=\"flip-box-back\" style=\"--awb-border-radius:15px;--awb-background-color-back:#22ad22;\"><div class=\"flip-box-back-inner\">\n<p>IP-2020-02-6878<\/p>\n<\/div><\/div><\/div><\/div><\/div><div class=\"fusion-flip-box-wrapper fusion-column col-lg-12 col-md-12 col-sm-12\"><div class=\"fusion-flip-box flip-right\" tabindex=\"0\"><div class=\"flip-box-inner-wrapper\"><div class=\"flip-box-front\" style=\"--awb-border-radius:15px;--awb-background-color-front:#705238;--awb-title-front-color:#ffffff;\"><div class=\"flip-box-front-inner\"><h2 class=\"flip-box-heading without-text\">Izvor financiranja<\/h2><\/div><\/div><div class=\"flip-box-back\" style=\"--awb-border-radius:15px;--awb-background-color-back:#22ad22;\"><div class=\"flip-box-back-inner\">\n<p>Hrvatska zaklada za znanost<\/p>\n<\/div><\/div><\/div><\/div><\/div><\/div><\/div><\/div><\/div><\/div><div class=\"fusion-fullwidth fullwidth-box fusion-builder-row-3 fusion-flex-container fusion-parallax-none nonhundred-percent-fullwidth non-hundred-percent-height-scrolling\" style=\"--awb-background-repeat:repeat;--awb-border-radius-top-left:0px;--awb-border-radius-top-right:0px;--awb-border-radius-bottom-right:0px;--awb-border-radius-bottom-left:0px;--awb-padding-top:120px;--awb-padding-bottom:120px;--awb-background-color:rgba(248,248,248,0);--awb-background-image:url(&quot;http:\/\/www.ptfos.unios.hr\/ImoLipWaste\/wp-content\/uploads\/2021\/04\/broken-eggs-1711144_1920.jpg&quot;);--awb-flex-wrap:wrap;\" ><div class=\"fusion-builder-row fusion-row fusion-flex-align-items-center fusion-flex-content-wrap\" style=\"max-width:1300px;margin-left: calc(-4% \/ 2 );margin-right: calc(-4% \/ 2 );\"><div class=\"fusion-layout-column fusion_builder_column fusion-builder-column-3 fusion_builder_column_1_4 1_4 fusion-flex-column fusion-animated\" style=\"--awb-bg-size:cover;--awb-width-large:25%;--awb-margin-top-large:0px;--awb-spacing-right-large:7.68%;--awb-margin-bottom-large:20px;--awb-spacing-left-large:7.68%;--awb-width-medium:25%;--awb-order-medium:0;--awb-spacing-right-medium:7.68%;--awb-spacing-left-medium:7.68%;--awb-width-small:100%;--awb-order-small:0;--awb-spacing-right-small:1.92%;--awb-spacing-left-small:1.92%;\" data-animationType=\"slideInLeft\" data-animationDuration=\"1.5\" data-animationOffset=\"top-into-view\"><div class=\"fusion-column-wrapper fusion-column-has-shadow fusion-flex-justify-content-center fusion-content-layout-column\"><div class=\"fusion-flip-boxes flip-boxes row fusion-columns-1 flip-effect-3d equal-heights my-flip-box\"><div class=\"fusion-flip-box-wrapper fusion-column col-lg-12 col-md-12 col-sm-12\"><div class=\"fusion-flip-box flip-right\" tabindex=\"0\"><div class=\"flip-box-inner-wrapper\"><div class=\"flip-box-front\" style=\"--awb-border-radius:15px;--awb-background-color-front:#705238;--awb-title-front-color:#ffffff;\"><div class=\"flip-box-front-inner\"><h2 class=\"flip-box-heading without-text\">Vrijednost projekta<\/h2><\/div><\/div><div class=\"flip-box-back\" style=\"--awb-border-radius:15px;--awb-background-color-back:#22ad22;\"><div class=\"flip-box-back-inner\">\n<p>994.123,48 kn<\/p>\n<\/div><\/div><\/div><\/div><\/div><div class=\"fusion-flip-box-wrapper fusion-column col-lg-12 col-md-12 col-sm-12\"><div class=\"fusion-flip-box flip-right\" tabindex=\"0\"><div class=\"flip-box-inner-wrapper\"><div class=\"flip-box-front\" style=\"--awb-border-radius:15px;--awb-background-color-front:#705238;--awb-title-front-color:#ffffff;\"><div class=\"flip-box-front-inner\"><h2 class=\"flip-box-heading without-text\">Vrijeme trajanja projekta<\/h2><\/div><\/div><div class=\"flip-box-back\" style=\"--awb-border-radius:15px;--awb-background-color-back:#22ad22;\"><div class=\"flip-box-back-inner\">\n<p>48 mjeseci<\/p>\n<p>(18.1.2021. &#8211; 17.1.2025.)<\/p>\n<\/div><\/div><\/div><\/div><\/div><\/div><\/div><\/div><div class=\"fusion-layout-column fusion_builder_column fusion-builder-column-4 fusion_builder_column_2_3 2_3 fusion-flex-column fusion-animated\" style=\"--awb-padding-top:5%;--awb-padding-right:5%;--awb-padding-bottom:5%;--awb-padding-left:5%;--awb-overflow:hidden;--awb-bg-color:#ffffff;--awb-bg-color-hover:#ffffff;--awb-bg-size:cover;--awb-box-shadow: 0px 0px ;;--awb-border-radius:30px 30px 30px 30px;--awb-width-large:66.666666666667%;--awb-margin-top-large:0px;--awb-spacing-right-large:2.88%;--awb-margin-bottom-large:20px;--awb-spacing-left-large:2.88%;--awb-width-medium:66.666666666667%;--awb-order-medium:0;--awb-spacing-right-medium:4.32%;--awb-spacing-left-medium:4.32%;--awb-width-small:100%;--awb-order-small:1;--awb-spacing-right-small:1.92%;--awb-margin-bottom-small:6%;--awb-spacing-left-small:1.92%;\" data-animationType=\"slideInRight\" data-animationDuration=\"1.5\" data-animationOffset=\"top-into-view\"><div class=\"fusion-column-wrapper fusion-column-has-shadow fusion-flex-justify-content-center fusion-content-layout-column\"><div class=\"fusion-title title fusion-title-2 fusion-sep-none fusion-title-text fusion-title-size-two\" style=\"--awb-text-color:#705238;\"><h2 class=\"fusion-title-heading title-heading-left fusion-responsive-typography-calculated\" style=\"margin:0;--fontSize:40;line-height:1.2;\">Znanstveni doprinos projekta<\/h2><\/div><div class=\"fusion-separator\" style=\"align-self: flex-start;margin-right:auto;margin-bottom:30px;width:100%;max-width:100px;\"><div class=\"fusion-separator-border sep-single sep-solid\" style=\"--awb-height:20px;--awb-amount:20px;--awb-sep-color:#22ad22;border-color:#22ad22;border-top-width:2px;\"><\/div><\/div><div class=\"fusion-text fusion-text-2\"><p style=\"text-align: justify;\">O\u010dekivani u\u010dinci istra\u017eivanja opisanih u okviru ove projektne prijave kao i kona\u010dni cilj, imobilizacija lipaza na funkcionalizirane nosa\u010de na bazi otpada iz poljoprivredno-prehrambene industrije, zasigurno imati zna\u010dajan utjecaj i doprinos u podru\u010dju istra\u017eivanja imobilizacije lipaza i oporabe otpada. S obzirom na to da se radi o iskori\u0161tavanju otpada poljoprivredno-prehrambene industrije, koji je \u0161iroko dostupan i jeftin, a uvelike optere\u0107uje okoli\u0161, o\u010dekuje se i dugoro\u010dno pozitivan utjecaj na razvoj dru\u0161tva i gospodarstva glede smanjenja optere\u0107enja okoli\u0161a, smanjenje cijene imobiliziranih lipaza te u kona\u010dnici potencijalno smanjenje cijene gotovih proizvoda dobivenih na zdrav i siguran na\u010din putem biokataliti\u010dkih procesa. Povrh navedenog stvara se dodana vrijednost otpadu poljoprivredno-prehrambene industrije \u0161to predstavlja temelj kru\u017enog gospodarenja. Lipaze imobilizirane na otpad poljoprivredno-prehrambene industrije predstavljaju tehnolo\u0161ko i ekonomsko pobolj\u0161anje biokataliti\u010dke proizvodnje, koje jasno upu\u0107uje na mogu\u0107nost ostvarivanja odr\u017eive proizvodnje na temelju kru\u017enog gospodarstva i pribli\u017eavanju \u201ezero-waste\u201c modelu.<\/p>\n<\/div><div style=\"text-align:center;\"><a class=\"fusion-button button-flat fusion-button-default-size button-default fusion-button-default button-2 fusion-button-default-span fusion-button-default-type\" target=\"_self\" href=\"http:\/\/www.ptfos.unios.hr\/ImoLipWaste\/?page_id=2323\"><span class=\"fusion-button-text\">Kontakt<\/span><\/a><\/div><\/div><\/div><\/div><\/div><div class=\"fusion-fullwidth fullwidth-box fusion-builder-row-4 fusion-flex-container nonhundred-percent-fullwidth non-hundred-percent-height-scrolling\" style=\"--awb-border-radius-top-left:0px;--awb-border-radius-top-right:0px;--awb-border-radius-bottom-right:0px;--awb-border-radius-bottom-left:0px;--awb-padding-top:120px;--awb-padding-bottom:120px;--awb-background-color:#f8f8f8;--awb-flex-wrap:wrap;\" ><div class=\"fusion-builder-row fusion-row fusion-flex-align-items-center fusion-flex-content-wrap\" style=\"max-width:1300px;margin-left: calc(-4% \/ 2 );margin-right: calc(-4% \/ 2 );\"><div class=\"fusion-layout-column fusion_builder_column fusion-builder-column-5 fusion_builder_column_2_3 2_3 fusion-flex-column fusion-animated\" style=\"--awb-bg-size:cover;--awb-width-large:66.666666666667%;--awb-margin-top-large:0px;--awb-spacing-right-large:2.88%;--awb-margin-bottom-large:0px;--awb-spacing-left-large:2.88%;--awb-width-medium:66.666666666667%;--awb-order-medium:1;--awb-spacing-right-medium:4.32%;--awb-spacing-left-medium:4.32%;--awb-width-small:100%;--awb-order-small:0;--awb-spacing-right-small:1.92%;--awb-margin-bottom-small:6%;--awb-spacing-left-small:1.92%;\" data-animationType=\"slideInLeft\" data-animationDuration=\"1.5\" data-animationOffset=\"top-into-view\"><div class=\"fusion-column-wrapper fusion-column-has-shadow fusion-flex-justify-content-center fusion-content-layout-column\"><div class=\"fusion-title title fusion-title-3 fusion-sep-none fusion-title-text fusion-title-size-two\" style=\"--awb-text-color:#705238;\"><h2 class=\"fusion-title-heading title-heading-left fusion-responsive-typography-calculated\" style=\"margin:0;--fontSize:40;line-height:1.2;\">Rezultati projekta<\/h2><\/div><div class=\"fusion-separator\" style=\"align-self: flex-start;margin-right:auto;margin-bottom:30px;width:100%;max-width:100px;\"><div class=\"fusion-separator-border sep-single sep-solid\" style=\"--awb-height:20px;--awb-amount:20px;--awb-sep-color:#22ad22;border-color:#22ad22;border-top-width:2px;\"><\/div><\/div><div class=\"fusion-text fusion-text-3\"><p style=\"text-align: justify;\">Sve aktivnosti predvi\u0111ene ovim projektom usmjerene su ka krajnjem cilju\/rezultatu, razvoju imobiliziranih lipaza visoko-po\u017eeljnih svojstava koje \u0107e se dugoro\u010dno mo\u0107i primijeniti u biokataliti\u010dkoj proizvodnji, a sve u svrhu pribli\u017eavanja konceptu odr\u017eivog razvoja.<\/p>\n<\/div><div ><a class=\"fusion-button button-flat fusion-button-default-size button-default fusion-button-default button-3 fusion-button-default-span fusion-button-default-type\" target=\"_self\" href=\"http:\/\/www.ptfos.unios.hr\/ImoLipWaste\/?page_id=37\"><span class=\"fusion-button-text\">Rezultati projekta<\/span><\/a><\/div><\/div><\/div><div class=\"fusion-layout-column fusion_builder_column fusion-builder-column-6 fusion_builder_column_1_4 1_4 fusion-flex-column fusion-animated\" style=\"--awb-bg-size:cover;--awb-width-large:25%;--awb-margin-top-large:0px;--awb-spacing-right-large:7.68%;--awb-margin-bottom-large:20px;--awb-spacing-left-large:7.68%;--awb-width-medium:25%;--awb-order-medium:0;--awb-spacing-right-medium:7.68%;--awb-spacing-left-medium:7.68%;--awb-width-small:100%;--awb-order-small:0;--awb-spacing-right-small:1.92%;--awb-spacing-left-small:1.92%;\" data-animationType=\"slideInRight\" data-animationDuration=\"1.5\" data-animationOffset=\"top-into-view\"><div class=\"fusion-column-wrapper fusion-column-has-shadow fusion-flex-justify-content-center fusion-content-layout-column\"><div class=\"fusion-flip-boxes flip-boxes row fusion-columns-1 flip-effect-3d equal-heights my-flip-box\"><div class=\"fusion-flip-box-wrapper fusion-column col-lg-12 col-md-12 col-sm-12\"><div class=\"fusion-flip-box flip-right\" tabindex=\"0\"><div class=\"flip-box-inner-wrapper\"><div class=\"flip-box-front\" style=\"--awb-border-radius:15px;--awb-background-color-front:#705238;--awb-title-front-color:#ffffff;\"><div class=\"flip-box-front-inner\"><h2 class=\"flip-box-heading without-text\">Znanstveno podru\u010dje<\/h2><\/div><\/div><div class=\"flip-box-back\" style=\"--awb-border-radius:15px;--awb-background-color-back:#22ad22;\"><div class=\"flip-box-back-inner\">\n<p>Biotehni\u010dke znanosti<\/p>\n<\/div><\/div><\/div><\/div><\/div><div class=\"fusion-flip-box-wrapper fusion-column col-lg-12 col-md-12 col-sm-12\"><div class=\"fusion-flip-box flip-right\" tabindex=\"0\"><div class=\"flip-box-inner-wrapper\"><div class=\"flip-box-front\" style=\"--awb-border-radius:15px;--awb-background-color-front:#705238;--awb-title-front-color:#ffffff;\"><div class=\"flip-box-front-inner\"><h2 class=\"flip-box-heading without-text\">Znanstveno polje<\/h2><\/div><\/div><div class=\"flip-box-back\" style=\"--awb-border-radius:15px;--awb-background-color-back:#22ad22;\"><div class=\"flip-box-back-inner\">\n<p>Prehrambena tehnologija \/ Biotehnologija<\/p>\n<\/div><\/div><\/div><\/div><\/div><\/div><\/div><\/div><\/div><\/div><\/p>\n","protected":false},"excerpt":{"rendered":"","protected":false},"author":1,"featured_media":0,"parent":0,"menu_order":0,"comment_status":"closed","ping_status":"closed","template":"100-width.php","meta":[],"_links":{"self":[{"href":"https:\/\/www.ptfos.unios.hr\/ImoLipWaste\/index.php?rest_route=\/wp\/v2\/pages\/2163"}],"collection":[{"href":"https:\/\/www.ptfos.unios.hr\/ImoLipWaste\/index.php?rest_route=\/wp\/v2\/pages"}],"about":[{"href":"https:\/\/www.ptfos.unios.hr\/ImoLipWaste\/index.php?rest_route=\/wp\/v2\/types\/page"}],"author":[{"embeddable":true,"href":"https:\/\/www.ptfos.unios.hr\/ImoLipWaste\/index.php?rest_route=\/wp\/v2\/users\/1"}],"replies":[{"embeddable":true,"href":"https:\/\/www.ptfos.unios.hr\/ImoLipWaste\/index.php?rest_route=%2Fwp%2Fv2%2Fcomments&post=2163"}],"version-history":[{"count":127,"href":"https:\/\/www.ptfos.unios.hr\/ImoLipWaste\/index.php?rest_route=\/wp\/v2\/pages\/2163\/revisions"}],"predecessor-version":[{"id":3619,"href":"https:\/\/www.ptfos.unios.hr\/ImoLipWaste\/index.php?rest_route=\/wp\/v2\/pages\/2163\/revisions\/3619"}],"wp:attachment":[{"href":"https:\/\/www.ptfos.unios.hr\/ImoLipWaste\/index.php?rest_route=%2Fwp%2Fv2%2Fmedia&parent=2163"}],"curies":[{"name":"wp","href":"https:\/\/api.w.org\/{rel}","templated":true}]}}