{"id":39,"date":"2021-02-02T22:19:31","date_gmt":"2021-02-02T21:19:31","guid":{"rendered":"http:\/\/www.ptfos.unios.hr\/ImoLipWaste\/?page_id=39"},"modified":"2026-02-13T13:46:12","modified_gmt":"2026-02-13T12:46:12","slug":"znanstveni-radovi","status":"publish","type":"page","link":"https:\/\/www.ptfos.unios.hr\/ImoLipWaste\/?page_id=39","title":{"rendered":"Znanstveni radovi"},"content":{"rendered":"<div class=\"fusion-fullwidth fullwidth-box fusion-builder-row-1 fusion-flex-container nonhundred-percent-fullwidth non-hundred-percent-height-scrolling\" style=\"--awb-border-radius-top-left:0px;--awb-border-radius-top-right:0px;--awb-border-radius-bottom-right:0px;--awb-border-radius-bottom-left:0px;--awb-background-color:#f8f8f8;--awb-flex-wrap:wrap;\" ><div class=\"fusion-builder-row fusion-row fusion-flex-align-items-flex-start fusion-flex-content-wrap\" style=\"max-width:1300px;margin-left: calc(-4% \/ 2 );margin-right: calc(-4% \/ 2 );\"><div class=\"fusion-layout-column fusion_builder_column fusion-builder-column-0 fusion_builder_column_1_6 1_6 fusion-flex-column fusion-no-small-visibility fusion-no-medium-visibility\" style=\"--awb-bg-size:cover;--awb-width-large:16.666666666667%;--awb-margin-top-large:0px;--awb-spacing-right-large:11.52%;--awb-margin-bottom-large:20px;--awb-spacing-left-large:11.52%;--awb-width-medium:16.666666666667%;--awb-order-medium:0;--awb-spacing-right-medium:11.52%;--awb-spacing-left-medium:11.52%;--awb-width-small:100%;--awb-order-small:0;--awb-spacing-right-small:1.92%;--awb-spacing-left-small:1.92%;\"><div class=\"fusion-column-wrapper fusion-column-has-shadow fusion-flex-justify-content-flex-start fusion-content-layout-column\"><\/div><\/div><div class=\"fusion-layout-column fusion_builder_column fusion-builder-column-1 fusion_builder_column_2_3 2_3 fusion-flex-column\" style=\"--awb-bg-size:cover;--awb-width-large:66.666666666667%;--awb-margin-top-large:0px;--awb-spacing-right-large:2.88%;--awb-margin-bottom-large:2%;--awb-spacing-left-large:2.88%;--awb-width-medium:66.666666666667%;--awb-order-medium:0;--awb-spacing-right-medium:2.88%;--awb-spacing-left-medium:2.88%;--awb-width-small:100%;--awb-order-small:0;--awb-spacing-right-small:1.92%;--awb-spacing-left-small:1.92%;\"><div class=\"fusion-column-wrapper fusion-column-has-shadow fusion-flex-justify-content-flex-start fusion-content-layout-column\"><div class=\"fusion-title title fusion-title-1 fusion-sep-none fusion-title-center fusion-title-text fusion-title-size-two\" style=\"--awb-text-color:#705238;\"><h2 class=\"fusion-title-heading title-heading-center fusion-responsive-typography-calculated\" style=\"margin:0;--fontSize:40;line-height:1.2;\">Znanstveni radovi<\/h2><\/div><\/div><\/div><div class=\"fusion-layout-column fusion_builder_column fusion-builder-column-2 fusion_builder_column_1_6 1_6 fusion-flex-column fusion-no-small-visibility fusion-no-medium-visibility\" style=\"--awb-bg-size:cover;--awb-width-large:16.666666666667%;--awb-margin-top-large:0px;--awb-spacing-right-large:11.52%;--awb-margin-bottom-large:20px;--awb-spacing-left-large:11.52%;--awb-width-medium:16.666666666667%;--awb-order-medium:0;--awb-spacing-right-medium:11.52%;--awb-spacing-left-medium:11.52%;--awb-width-small:100%;--awb-order-small:0;--awb-spacing-right-small:1.92%;--awb-spacing-left-small:1.92%;\"><div class=\"fusion-column-wrapper fusion-column-has-shadow fusion-flex-justify-content-flex-start fusion-content-layout-column\"><\/div><\/div><div class=\"fusion-layout-column fusion_builder_column fusion-builder-column-3 fusion_builder_column_1_1 1_1 fusion-flex-column\" style=\"--awb-bg-size:cover;--awb-width-large:100%;--awb-margin-top-large:0px;--awb-spacing-right-large:1.92%;--awb-margin-bottom-large:20px;--awb-spacing-left-large:1.92%;--awb-width-medium:100%;--awb-order-medium:0;--awb-spacing-right-medium:1.92%;--awb-spacing-left-medium:1.92%;--awb-width-small:100%;--awb-order-small:0;--awb-spacing-right-small:1.92%;--awb-spacing-left-small:1.92%;\"><div class=\"fusion-column-wrapper fusion-column-has-shadow fusion-flex-justify-content-flex-start fusion-content-layout-column\">\n<div class=\"table-1\">\n<table style=\"width: 100%; height: 2032px;\" width=\"100%\">\n<thead>\n<tr style=\"height: 24px;\">\n<th style=\"width: 7.86219%; text-align: center; height: 24px;\" align=\"left\">A1<\/th>\n<th style=\"width: 38.9576%; text-align: center; height: 24px;\" align=\"left\">Autori<\/th>\n<th style=\"width: 42.4028%; text-align: center; height: 24px;\" align=\"left\">Naslov rada<\/th>\n<th style=\"width: 9.71732%; text-align: center; height: 24px;\" align=\"left\">DOI \/ LINK<\/th>\n<\/tr>\n<\/thead>\n<tbody>\n<tr style=\"height: 96px;\">\n<td style=\"width: 7.86219%; height: 96px;\"><\/td>\n<td style=\"width: 38.9576%; text-align: justify; height: 96px;\"><strong>Veli\u0107, Natalija; Stjepanovi\u0107, Marija; Ostoj\u010di\u0107, Marta; \u0160varc, Helena; Strelec, Ivica; Bud\u017eaki, Sandra<br \/>\n<\/strong><\/td>\n<td style=\"width: 42.4028%; text-align: justify; height: 96px;\"><strong>Valorisation of Eggshell Waste for Effective Biosorption of Congo Red Dye from Wastewater<\/strong><\/td>\n<td style=\"text-align: center; width: 9.71732%; height: 96px;\"><a href=\"https:\/\/www.croris.hr\/crosbi\/publikacija\/resolve\/croris\/916760\">10.3390\/cleantechnol8010002<\/a><\/p>\n<p><a href=\"https:\/\/www.mdpi.com\/2571-8797\/8\/1\/2\">LINK<\/a><\/td>\n<\/tr>\n<tr style=\"height: 136px;\">\n<td style=\"width: 7.86219%; height: 136px;\"><\/td>\n<td style=\"width: 38.9576%; text-align: justify; height: 136px;\"><strong>Stjepanovi\u0107, Marija; Ostoj\u010di\u0107, Marta; Strelec, Ivica; Veli\u0107, Natalija; Tran, Nghiep Nam; Hessel, Volker; Escrib\u00e0-Gelonch, Marc; Bud\u017eaki, Sandra<br \/>\n<\/strong><\/td>\n<td style=\"width: 42.4028%; text-align: justify; height: 136px;\"><strong>Sustainable Lipase Immobilization on Eggshell Membrane Carriers: Economic and LCA Insights at Laboratory Scale<\/strong><\/td>\n<td style=\"text-align: center; width: 9.71732%; height: 136px;\"><a href=\"https:\/\/www.croris.hr\/crosbi\/publikacija\/resolve\/croris\/916759\">10.3390\/su18010134<\/a><\/p>\n<p><a href=\"https:\/\/www.mdpi.com\/2071-1050\/18\/1\/134\">LINK<\/a><\/td>\n<\/tr>\n<tr style=\"height: 144px;\">\n<td style=\"width: 7.86219%; height: 144px;\"><\/td>\n<td style=\"width: 38.9576%; text-align: justify; height: 144px;\"><strong>Brekalo, Mirna; Ostoj\u010di\u0107, Marta; Stjepanovi\u0107, Marija; Bili\u0107 Rajs, Blanka; Mati\u0107, Petra; \u0160ari\u0107, Stjepan; Stanojev, Jovana; Aladi\u0107, Krunoslav; Jakobek Barron, Lidija; Joki\u0107, Stela; \u0110er\u0111, Igor; Strelec, Ivica; Bud\u017eaki, Sandra<br \/>\n<\/strong><\/td>\n<td style=\"width: 42.4028%; text-align: justify; height: 144px;\"><strong>Sequential Extraction Transformation of Brown Onion Skin into Cellulose-Based Enzyme Immobilization Carrier<\/strong><\/td>\n<td style=\"text-align: center; width: 9.71732%; height: 144px;\"><a href=\"https:\/\/doi.org\/10.3390\/app152412970\">10.3390\/app152412970<\/a><\/p>\n<p><a href=\"https:\/\/www.mdpi.com\/2076-3417\/15\/24\/12970\">LINK<\/a><\/td>\n<\/tr>\n<tr style=\"height: 96px;\">\n<td style=\"width: 7.86219%; height: 96px;\"><\/td>\n<td style=\"width: 38.9576%; text-align: justify; height: 96px;\"><strong>Ostoj\u010di\u0107, Marta; Brekalo, Mirna; Stjepanovi\u0107, Marija; Bili\u0107 Rajs, Blanka; Veli\u0107, Natalija; \u0160ari\u0107, Stjepan; \u0110er\u0111, Igor; Bud\u017eaki, Sandra; Strelec, Ivica<br \/>\n<\/strong><\/td>\n<td style=\"width: 42.4028%; text-align: justify; height: 96px;\"><strong>Cellulose Carriers from Spent Coffee Grounds for Lipase Im-mobilization and Evaluation of Biocatalyst Performance <\/strong><\/td>\n<td style=\"text-align: center; width: 9.71732%; height: 96px;\"><a href=\"https:\/\/www.croris.hr\/crosbi\/publikacija\/resolve\/croris\/904855\">10.3390\/su17219633<\/a><\/p>\n<p><a href=\"https:\/\/www.mdpi.com\/2071-1050\/17\/21\/9633\">LINK<\/a><\/td>\n<\/tr>\n<tr style=\"height: 96px;\">\n<td style=\"width: 7.86219%; height: 96px;\"><\/td>\n<td style=\"width: 38.9576%; text-align: justify; height: 96px;\"><strong>Ostoj\u010di\u0107, Marta; Stjepanovi\u0107, Marija; Strelec, Ivica; Veli\u0107, Natalija; Brekalo, Mirna; \u0160ere\u0161, Zita; Maravi\u0107, Nikola; Tran, Nam Nghiep; Hessel. Volker; Bud\u017eaki, Sandra<\/strong><\/td>\n<td style=\"width: 42.4028%; text-align: justify; height: 96px;\"><strong>Eggshell Membranes as Green Carriers for Burkholderia cepacia Lipase: A Biocatalytic Strategy for Sustainable Wastewater Bioremediation<\/strong><\/td>\n<td style=\"text-align: center; width: 9.71732%; height: 96px;\"><a href=\"https:\/\/doi.org\/10.1515\/gps-2025-0099\">10.1515\/gps-2025-0099<\/a><\/p>\n<p><a href=\"https:\/\/www.degruyterbrill.com\/document\/doi\/10.1515\/gps-2025-0099\/html\">LINK<\/a><\/td>\n<\/tr>\n<tr style=\"height: 96px;\">\n<td style=\"width: 7.86219%; height: 96px;\"><\/td>\n<td style=\"width: 38.9576%; text-align: justify; height: 96px;\"><strong>Ostoj\u010di\u0107, Marta; Stjepanovi\u0107, Marija; Bili\u0107 Rajs, Blanka; Strelec, Ivica; Veli\u0107, Natalija; Brekalo, Mirna; Hessel Volker; Bud\u017eaki, Sandra<\/strong><\/td>\n<td style=\"width: 42.4028%; text-align: justify; height: 96px;\"><strong>Immobilized <em>Pseudomonas fluorescens<\/em> Lipase on Eggshell Membranes for Sustainable Lipid Structuring in Cocoa Butter Substitute<\/strong><\/td>\n<td style=\"text-align: center; width: 9.71732%; height: 96px;\"><a href=\"https:\/\/doi.org\/10.3390\/pr13082548\">10.3390\/pr13082548<\/a><\/p>\n<p><a href=\"https:\/\/www.mdpi.com\/2227-9717\/13\/8\/2548\">LINK<\/a><\/td>\n<\/tr>\n<tr style=\"height: 96px;\">\n<td style=\"width: 7.86219%; height: 96px;\"><\/td>\n<td style=\"width: 38.9576%; text-align: justify; height: 96px;\"><strong>Ostoj\u010di\u0107, Marta; Cikoja, Mihael; Flanjak, Ivana; Bili\u0107 Rajs, Blanka; Moslavac, Tihomir; Ben\u0161i\u0107, Mirta; Brekalo, Mirna; Strelec, Ivica; Bud\u017eaki, Sandra<\/strong><\/td>\n<td style=\"width: 42.4028%; text-align: justify; height: 96px;\"><strong>The Influence of Qualitative Parameters of Waste Cooking Oils and Fat on Fatty Acid Methyl Esters Yield<\/strong><\/td>\n<td style=\"text-align: center; width: 9.71732%; height: 96px;\"><a href=\"http:\/\/silverstripe.fkit.hr\/kui\/issue-archive\/article\/1077\">10.15255\/KUI.2023.062<\/a><\/p>\n<p><a href=\"https:\/\/hrcak.srce.hr\/file\/464577\">LINK<\/a><\/td>\n<\/tr>\n<tr style=\"height: 96px;\">\n<td style=\"width: 7.86219%; height: 96px;\"><\/td>\n<td style=\"width: 38.9576%; text-align: justify; height: 96px;\">S<strong>trelec, Ivica; Peranovi\u0107, Katarina; Ostoj\u010di\u0107, Marta; Aladi\u0107, Krunoslav; Pavlovi\u0107, Hrvoje; \u0110er\u0111, Igor; Tatar, Dalibor; Maravi\u0107, Nikola; Skoko, \u017deljko; Bud\u017eaki, Sandra<br \/>\n<\/strong><\/td>\n<td style=\"width: 42.4028%; text-align: justify; height: 96px;\"><strong>Eggshell waste transformation to calcium chloride anhydride as food-grade additive and eggshell membranes as enzyme immobilization carrier<\/strong><\/td>\n<td style=\"text-align: center; width: 9.71732%; height: 96px;\"><a href=\"https:\/\/doi.org\/10.1515\/gps-2023-0254\">10.1515\/gps-2023-0254<\/a><\/p>\n<p><a href=\"https:\/\/www.degruyter.com\/document\/doi\/10.1515\/gps-2023-0254\/html\">LINK<\/a><\/td>\n<\/tr>\n<tr style=\"height: 96px;\">\n<td style=\"width: 7.86219%; height: 96px;\"><\/td>\n<td style=\"width: 38.9576%; text-align: justify; height: 96px;\"><strong>Brekalo, Mirna; Bili\u0107 Rajs, Blanka; Aladi\u0107, Krunoslav; Jakobek, Lidija; \u0160ere\u0161, Zita; Krstovi\u0107, Sa\u0161a; Joki\u0107, Stela; Bud\u017eaki, Sandra; Strelec, Ivica<span class=\"contributor\"><span class=\"displayName linkAnimation\"><br \/>\n<\/span><\/span><\/strong><\/td>\n<td style=\"width: 42.4028%; text-align: justify; height: 96px;\"><strong>Multistep Extraction Transformation of Spent Coffee Grounds to the Cellulose-Based Enzyme Immobilization Carrier<\/strong><\/td>\n<td style=\"text-align: center; width: 9.71732%; height: 96px;\"><a href=\"https:\/\/www.mdpi.com\/2071-1050\/15\/17\/13142\">10.3390\/su151713142<\/a><\/p>\n<p><a href=\"https:\/\/www.mdpi.com\/2071-1050\/15\/17\/13142\">LINK<\/a><\/td>\n<\/tr>\n<tr style=\"height: 96px;\">\n<td style=\"width: 7.86219%; height: 96px;\"><\/td>\n<td style=\"width: 38.9576%; height: 96px;\"><strong><span class=\"contributor\"><span class=\"displayName linkAnimation\">Strelec, Ivica; Tomi\u010di\u0107, Klara; Zajec, Marko; Ostoj\u010di\u0107, Marta; Bud\u017eaki, Sandra<\/span><\/span><\/strong><\/td>\n<td style=\"width: 42.4028%; height: 96px;\"><strong>Eggshell-Waste-Derived Calcium Acetate, Calcium Hydrogen Phosphate and Corresponding Eggshell Membranes. Applied Sciences 13, 7372, 2023.<\/strong><\/td>\n<td style=\"text-align: center; width: 9.71732%; height: 96px;\"><a href=\"https:\/\/doi.org\/10.3390\/app13137372\">10.3390\/app13137372<\/a><\/p>\n<p><a href=\"https:\/\/www.mdpi.com\/2076-3417\/13\/13\/7372\">LINK<\/a><\/td>\n<\/tr>\n<tr style=\"height: 96px;\">\n<td style=\"width: 7.86219%; height: 96px;\"><\/td>\n<td style=\"width: 38.9576%; height: 96px;\"><strong><span class=\"contributor\"><span class=\"displayName linkAnimation\">Strelec<\/span><\/span><span class=\"comma\">, Ivica; <\/span><span class=\"contributor\"><span class=\"displayName linkAnimation\">Ostoj\u010di\u0107<\/span><\/span><span class=\"comma\">, Marta; Brekalo, <\/span><span class=\"contributor\"><span class=\"displayName linkAnimation\">Mirna;<\/span><\/span><\/strong><span class=\"comma\"><strong> Hajra, <span class=\"displayName linkAnimation\">Sugato;<\/span><\/strong><span class=\"comma\" style=\"font-family: inherit; font-size: inherit;\"><strong> Kim\u00a0<span class=\"displayName linkAnimation\">Hoe-Joon; Stanojev,<\/span><span class=\"comma\" style=\"font-family: inherit; font-size: inherit;\">\u00a0<\/span><span class=\"contributor\" style=\"font-family: inherit; font-size: inherit;\"><span class=\"displayName linkAnimation\">Jovana; Maravi\u0107, <\/span><\/span><span class=\"contributor\" style=\"font-family: inherit; font-size: inherit;\"><span class=\"displayName linkAnimation\">Nikola; Bud\u017eaki,<\/span><\/span><span style=\"font-family: inherit; font-size: inherit;\">\u00a0<\/span><span class=\"contributor\" style=\"font-family: inherit; font-size: inherit;\"><span class=\"displayName linkAnimation\">Sandra<\/span><\/span><\/strong><br \/>\n<\/span><\/span><\/td>\n<td style=\"width: 42.4028%; height: 96px;\"><strong>Transformation of eggshell waste to egg white protein solution, calcium chloride dihydrate, and eggshell membrane powder. Green Processing and Synthesis, 12 (1), 20228151, 2023.<\/strong><\/td>\n<td style=\"text-align: center; width: 9.71732%; height: 96px;\"><a href=\"https:\/\/www.degruyter.com\/document\/doi\/10.1515\/gps-2022-8151\/html\">10.1515\/gps-2022-8151<\/a><\/p>\n<p><a href=\"https:\/\/www.degruyter.com\/document\/doi\/10.1515\/gps-2022-8151\/html\">LINK<\/a><\/td>\n<\/tr>\n<tr style=\"height: 152px;\">\n<td style=\"width: 7.86219%; height: 152px;\"><\/td>\n<td style=\"text-align: justify; width: 38.9576%; height: 152px;\"><strong>Bud\u017eaki, Sandra; Strelec, Ivica; Veli\u0107, Natalija<\/strong><\/td>\n<td style=\"width: 42.4028%; height: 152px;\">\n<p style=\"text-align: justify;\"><strong>Transformation of Eggshells, Spent Coffee Grounds, and Brown Onion Skins into Value-Added Products.<span class=\"citation\"> <i>Engineering power : bulletin of the Croatian Academy of Engineering,<\/i>\u00a017 (1), 18-22, 2022.<\/span><\/strong><\/p>\n<\/td>\n<td style=\"text-align: center; width: 9.71732%; height: 152px;\"><a href=\"https:\/\/hrcak.srce.hr\/file\/401735\">LINK<\/a><\/td>\n<\/tr>\n<tr style=\"height: 128px;\">\n<td style=\"width: 7.86219%; height: 128px;\"><\/td>\n<td style=\"text-align: justify; width: 38.9576%; height: 128px;\"><strong>Bud\u017eaki, Sandra; Veli\u0107, Natalija; Ostoj\u010di\u0107, Marta; Stjepanovi\u0107, Marija; Bili\u0107 Rajs, Blanka; \u0160ere\u0161, Zita; Maravi\u0107, Nikola; Stanojev, Jovana; Hessel, Volker; Strelec, Ivica<\/strong><\/td>\n<td style=\"width: 42.4028%; height: 128px;\">\n<p style=\"text-align: justify;\"><strong>Waste management in the agri-food industry: The conversion 2 of eggshells, spent coffee grounds and brown onion skins into 3 carriers for lipase immobilization.\u00a0<em>Foods<\/em>, 11(3), 409, 2022.<\/strong><\/p>\n<\/td>\n<td style=\"text-align: center; width: 9.71732%; height: 128px;\"><a href=\"https:\/\/doi.org\/10.3390\/foods11030409\">10.3390\/foods11030409<\/a><\/p>\n<p><a href=\"https:\/\/www.mdpi.com\/2304-8158\/11\/3\/409\"><span style=\"font-family: inherit; font-size: inherit;\">LINK<\/span><\/a><\/td>\n<\/tr>\n<tr style=\"height: 104px;\">\n<td style=\"height: 104px; width: 7.86219%;\"><\/td>\n<td style=\"text-align: justify; height: 104px; width: 38.9576%;\"><strong>Ostoj\u010di\u0107, Marta; Bud\u017eaki, Sandra; Flanjak, Ivana; Bili\u0107 Rajs, Blanka; Bari\u0161i\u0107, Iva; Tran, Ngheip Nam; Hessel, Volker; Strelec, Ivica<\/strong><\/td>\n<td style=\"height: 104px; width: 42.4028%;\">\n<p style=\"text-align: justify;\"><strong>Production of biodiesel by Burkholderia cepacia lipase as a function of process parameters. <em>Biotechnology progress<\/em>, 37(2), 3109, 2021.<\/strong><\/p>\n<\/td>\n<td style=\"height: 104px; width: 9.71732%;\">\n<p style=\"text-align: center;\">\u00a010.1002\/btpr.3109<\/p>\n<p style=\"text-align: center;\"><a href=\"https:\/\/aiche.onlinelibrary.wiley.com\/doi\/10.1002\/btpr.3109\" target=\"_blank\" rel=\"noopener\">LINK<\/a><\/p>\n<\/td>\n<\/tr>\n<tr style=\"height: 24px;\">\n<th style=\"width: 7.86219%; text-align: center; height: 24px;\">A2<\/th>\n<th style=\"width: 38.9576%; text-align: center; height: 24px;\">Autori<\/th>\n<th style=\"width: 42.4028%; text-align: center; height: 24px;\">Naslov rada<\/th>\n<th style=\"width: 9.71732%; text-align: center; height: 24px;\">DOI \/ LINK<\/th>\n<\/tr>\n<tr style=\"height: 96px;\">\n<th style=\"width: 7.86219%; text-align: center; height: 96px;\"><\/th>\n<th style=\"width: 38.9576%; text-align: left; height: 96px;\"><strong>Ostoj\u010di\u0107, Marta; Hasenay, Sanda; Bud\u017eaki, Sandra; \u010ca\u010di\u0107 Kenjeri\u0107, Daniela<\/strong><\/th>\n<th style=\"width: 42.4028%; text-align: left; height: 96px;\"><strong>Exploring fatty acid methyl esters: A bibliometric review of gas chromatography applications<\/strong><\/th>\n<th style=\"width: 9.71732%; text-align: center; height: 96px;\"><strong><a href=\"https:\/\/doi.org\/10.17508\/CJFST.2025.17.1.04\">10.17508\/CJFST.2025.17.1.04<\/a><\/strong><\/p>\n<p><strong><a href=\"https:\/\/hrcak.srce.hr\/332879\">LINK<\/a><\/strong><\/th>\n<\/tr>\n<tr style=\"height: 24px;\">\n<th style=\"height: 24px; width: 7.86219%; text-align: center;\" align=\"left\">Poglavlje u knjizi<\/th>\n<th style=\"height: 24px; width: 38.9576%; text-align: center;\" align=\"left\">Autori<\/th>\n<th style=\"height: 24px; width: 42.4028%; text-align: center;\" align=\"left\">Naslov rada<\/th>\n<th style=\"height: 24px; width: 9.71732%; text-align: center;\" align=\"left\">DOI \/ LINK<\/th>\n<\/tr>\n<tr style=\"height: 168px;\">\n<td style=\"width: 7.86219%; height: 168px;\"><\/td>\n<td style=\"width: 38.9576%; height: 168px;\"><strong>Ostoj\u010di\u0107, Marta; Stjepanovi\u0107, Marija; Brekalo, Mirna; Strelec, Ivica; Bud\u017eaki, Sandra; \u0160ubari\u0107, Drago<br \/>\n<\/strong><\/td>\n<td style=\"width: 42.4028%; height: 168px;\">Lizozim iz bjelanjka jajeta i njegova primjena u prehrambenoj industriji. U\u00a0<span class=\"citation\"><em><strong>Neke mogu\u0107nosti iskori\u0161tenja nusproizvoda prehrambene industrije<\/strong><\/em> Knjiga 4. \u0160ubari\u0107, D.; Ja\u0161i\u0107 M.; Joki\u0107 S. (ur.). Sveu\u010dili\u0161te Josipa Jurja Strossmayera u Osijeku, Prehrambeno-tehnolo\u0161ki fakultet Osijek, 2024. str. 391-407.<\/span><\/td>\n<td style=\"width: 9.71732%; text-align: center; height: 168px;\"><a href=\"http:\/\/www.ptfos.unios.hr\/ImoLipWaste\/wp-content\/uploads\/2024\/06\/KNJIGA-NUSPROIZVODI-B5_Knjiga-5_elektronicka-publikacija-Ostojcic-et-al..pdf\">LINK<\/a><\/td>\n<\/tr>\n<tr style=\"height: 144px;\">\n<td style=\"width: 7.86219%; height: 144px;\"><\/td>\n<td style=\"width: 38.9576%; height: 144px;\"><strong>Stjepanovi\u0107, Marija; Bud\u017eaki, Sandra; Veli\u0107, Natalija; Ostoj\u010di\u0107, Marta; \u0160ere\u0161, Zita; Maravi\u0107, Nikola; Brekalo, Mirna; Strelec, Ivica<\/strong><\/td>\n<td style=\"width: 42.4028%; height: 144px;\">Valorizacija i karakterizacija otpadne biomase crvenog luka. U <span class=\"citation\"><em><strong>Neke mogu\u0107nosti iskori\u0161tenja nusproizvoda prehrambene industrije<\/strong><\/em> Knjiga 4. \u0160ubari\u0107, D.; Jozinovi\u0107, A.; Panji\u010dko, M. (ur.). Sveu\u010dili\u0161te Josipa Jurja Strossmayera u Osijeku, Prehrambeno-tehnolo\u0161ki fakultet Osijek, 2022. str. 349-363.<\/span><\/td>\n<td style=\"width: 9.71732%; text-align: center; height: 144px;\"><a href=\"http:\/\/www.ptfos.unios.hr\/ImoLipWaste\/wp-content\/uploads\/2023\/07\/KNJIGA-NUSPROIZVODI-B5_Knjiga-4_elektronicka-publikacija-358-372.pdf\">LINK<\/a><\/td>\n<\/tr>\n<tr style=\"height: 24px;\">\n<td style=\"height: 24px; width: 7.86219%;\" align=\"left\"><\/td>\n<td style=\"height: 24px; width: 38.9576%;\" align=\"left\"><strong>Strelec<\/strong>, <strong>Ivica<\/strong>; <strong>Ostoj\u010di\u0107<\/strong>, <strong>Marta<\/strong>; <strong>Bud\u017eaki<\/strong>, <strong>Sandra<\/strong><\/td>\n<td style=\"height: 24px; width: 42.4028%;\" align=\"left\">Transformacija ljuske koko\u0161jih jaja u proizvode dodane<br \/>\nvrijednosti. U <strong><em>Neke mogu\u0107nosti iskori\u0161tenja nusproizvoda prehrambene industrije Knjiga 3<\/em><\/strong>. \u0160ubari\u0107, D.; Mili\u010devi\u0107, B. (ur.), Sveu\u010dili\u0161te Josipa Jurja Strossmayera u Osijeku, Prehrambeno-tehnolo\u0161ki fakultet Osijek, Veleu\u010dili\u0161te u Po\u017eegi, 2021. str. 303-327.<\/td>\n<td style=\"height: 24px; width: 9.71732%; text-align: center;\" align=\"left\"><a href=\"http:\/\/www.ptfos.unios.hr\/ImoLipWaste\/wp-content\/uploads\/2021\/09\/Transformacija-ljuske-kokosjih-jaja-u-proizvode-dodane-vrijednosti.pdf\" target=\"_blank\" rel=\"noopener\">LINK<\/a><\/td>\n<\/tr>\n<\/tbody>\n<\/table>\n<\/div>\n<\/div><\/div><\/div><\/div>\n","protected":false},"excerpt":{"rendered":"","protected":false},"author":1,"featured_media":0,"parent":0,"menu_order":0,"comment_status":"closed","ping_status":"closed","template":"100-width.php","meta":[],"_links":{"self":[{"href":"https:\/\/www.ptfos.unios.hr\/ImoLipWaste\/index.php?rest_route=\/wp\/v2\/pages\/39"}],"collection":[{"href":"https:\/\/www.ptfos.unios.hr\/ImoLipWaste\/index.php?rest_route=\/wp\/v2\/pages"}],"about":[{"href":"https:\/\/www.ptfos.unios.hr\/ImoLipWaste\/index.php?rest_route=\/wp\/v2\/types\/page"}],"author":[{"embeddable":true,"href":"https:\/\/www.ptfos.unios.hr\/ImoLipWaste\/index.php?rest_route=\/wp\/v2\/users\/1"}],"replies":[{"embeddable":true,"href":"https:\/\/www.ptfos.unios.hr\/ImoLipWaste\/index.php?rest_route=%2Fwp%2Fv2%2Fcomments&post=39"}],"version-history":[{"count":45,"href":"https:\/\/www.ptfos.unios.hr\/ImoLipWaste\/index.php?rest_route=\/wp\/v2\/pages\/39\/revisions"}],"predecessor-version":[{"id":4516,"href":"https:\/\/www.ptfos.unios.hr\/ImoLipWaste\/index.php?rest_route=\/wp\/v2\/pages\/39\/revisions\/4516"}],"wp:attachment":[{"href":"https:\/\/www.ptfos.unios.hr\/ImoLipWaste\/index.php?rest_route=%2Fwp%2Fv2%2Fmedia&parent=39"}],"curies":[{"name":"wp","href":"https:\/\/api.w.org\/{rel}","templated":true}]}}